CRAN Package Check Results for Package FourgameteP

Last updated on 2022-12-09 01:50:28 CET.

Flavor Version Tinstall Tcheck Ttotal Status Flags
r-devel-linux-x86_64-debian-clang 0.1.0 1.59 21.55 23.14 NOTE
r-devel-linux-x86_64-debian-gcc 0.1.0 1.71 17.11 18.82 NOTE
r-devel-linux-x86_64-fedora-clang 0.1.0 39.64 NOTE
r-devel-linux-x86_64-fedora-gcc 0.1.0 37.74 NOTE
r-devel-windows-x86_64 0.1.0 9.00 44.00 53.00 NOTE
r-patched-linux-x86_64 0.1.0 2.13 20.41 22.54 NOTE
r-release-linux-x86_64 0.1.0 1.72 20.64 22.36 NOTE
r-release-macos-arm64 0.1.0 13.00 NOTE
r-release-macos-x86_64 0.1.0 20.00 NOTE
r-release-windows-x86_64 0.1.0 5.00 40.00 45.00 NOTE
r-oldrel-macos-arm64 0.1.0 17.00 NOTE
r-oldrel-macos-x86_64 0.1.0 23.00 NOTE
r-oldrel-windows-ix86+x86_64 0.1.0 5.00 31.00 36.00 NOTE

Check Details

Version: 0.1.0
Check: LazyData
Result: NOTE
     'LazyData' is specified without a 'data' directory
Flavors: r-devel-linux-x86_64-debian-clang, r-devel-linux-x86_64-debian-gcc, r-devel-linux-x86_64-fedora-clang, r-devel-linux-x86_64-fedora-gcc, r-devel-windows-x86_64, r-patched-linux-x86_64, r-release-linux-x86_64, r-release-macos-arm64, r-release-macos-x86_64, r-release-windows-x86_64, r-oldrel-macos-arm64, r-oldrel-macos-x86_64, r-oldrel-windows-ix86+x86_64