CRAN Package Check Results for Package FourScores

Last updated on 2023-09-25 08:02:27 CEST.

Flavor Version Tinstall Tcheck Ttotal Status Flags
r-devel-linux-x86_64-debian-clang 1.5.1 3.07 22.95 26.02 NOTE
r-devel-linux-x86_64-debian-gcc 1.5.1 2.28 18.98 21.26 NOTE
r-devel-linux-x86_64-fedora-clang 1.5.1 32.98 NOTE
r-devel-linux-x86_64-fedora-gcc 1.5.1 31.30 NOTE
r-devel-windows-x86_64 1.5.1 5.00 41.00 46.00 NOTE
r-patched-linux-x86_64 1.5.1 2.65 22.77 25.42 NOTE
r-release-linux-x86_64 1.5.1 2.86 22.68 25.54 NOTE
r-release-macos-arm64 1.5.1 15.00 NOTE
r-release-macos-x86_64 1.5.1 20.00 NOTE
r-release-windows-x86_64 1.5.1 4.00 47.00 51.00 NOTE
r-oldrel-macos-arm64 1.5.1 16.00 NOTE
r-oldrel-macos-x86_64 1.5.1 20.00 NOTE
r-oldrel-windows-x86_64 1.5.1 8.00 46.00 54.00 NOTE

Check Details

Version: 1.5.1
Check: LazyData
Result: NOTE
     'LazyData' is specified without a 'data' directory
Flavors: r-devel-linux-x86_64-debian-clang, r-devel-linux-x86_64-debian-gcc, r-devel-linux-x86_64-fedora-clang, r-devel-linux-x86_64-fedora-gcc, r-devel-windows-x86_64, r-patched-linux-x86_64, r-release-linux-x86_64, r-release-macos-arm64, r-release-macos-x86_64, r-release-windows-x86_64, r-oldrel-macos-arm64, r-oldrel-macos-x86_64, r-oldrel-windows-x86_64