CRAN Package Check Results for Package FourScores

Last updated on 2022-12-09 01:50:28 CET.

Flavor Version Tinstall Tcheck Ttotal Status Flags
r-devel-linux-x86_64-debian-clang 1.5.1 2.79 24.50 27.29 NOTE
r-devel-linux-x86_64-debian-gcc 1.5.1 2.06 20.33 22.39 NOTE
r-devel-linux-x86_64-fedora-clang 1.5.1 45.09 NOTE
r-devel-linux-x86_64-fedora-gcc 1.5.1 42.51 NOTE
r-devel-windows-x86_64 1.5.1 17.00 54.00 71.00 NOTE
r-patched-linux-x86_64 1.5.1 2.85 23.42 26.27 NOTE
r-release-linux-x86_64 1.5.1 2.40 23.82 26.22 NOTE
r-release-macos-arm64 1.5.1 15.00 NOTE
r-release-macos-x86_64 1.5.1 20.00 NOTE
r-release-windows-x86_64 1.5.1 8.00 46.00 54.00 NOTE
r-oldrel-macos-arm64 1.5.1 18.00 NOTE
r-oldrel-macos-x86_64 1.5.1 24.00 NOTE
r-oldrel-windows-ix86+x86_64 1.5.1 6.00 36.00 42.00 NOTE

Check Details

Version: 1.5.1
Check: LazyData
Result: NOTE
     'LazyData' is specified without a 'data' directory
Flavors: r-devel-linux-x86_64-debian-clang, r-devel-linux-x86_64-debian-gcc, r-devel-linux-x86_64-fedora-clang, r-devel-linux-x86_64-fedora-gcc, r-devel-windows-x86_64, r-patched-linux-x86_64, r-release-linux-x86_64, r-release-macos-arm64, r-release-macos-x86_64, r-release-windows-x86_64, r-oldrel-macos-arm64, r-oldrel-macos-x86_64, r-oldrel-windows-ix86+x86_64