CRAN Package Check Results for Package FossilSim

Last updated on 2019-06-16 13:19:14 CEST.

Flavor Version Tinstall Tcheck Ttotal Status Flags
r-devel-linux-x86_64-debian-clang 2.1.1 5.72 74.83 80.55 NOTE
r-devel-linux-x86_64-debian-gcc 2.1.1 4.95 55.52 60.47 NOTE
r-devel-linux-x86_64-fedora-clang 2.1.1 91.24 NOTE
r-devel-linux-x86_64-fedora-gcc 2.1.1 87.29 NOTE
r-devel-windows-ix86+x86_64 2.1.1 15.00 125.00 140.00 OK
r-patched-linux-x86_64 2.1.1 5.40 72.20 77.60 OK
r-patched-solaris-x86 2.1.1 121.30 OK
r-release-linux-x86_64 2.1.1 6.04 73.08 79.12 OK
r-release-windows-ix86+x86_64 2.1.1 10.00 98.00 108.00 OK
r-release-osx-x86_64 2.1.1 OK
r-oldrel-windows-ix86+x86_64 2.1.1 7.00 84.00 91.00 OK
r-oldrel-osx-x86_64 2.1.1 OK

Check Details

Version: 2.1.1
Check: for non-standard things in the check directory
Result: NOTE
    Found the following files/directories:
     'BEASTconstraints.xml' 'example.tre'
Flavors: r-devel-linux-x86_64-debian-clang, r-devel-linux-x86_64-debian-gcc, r-devel-linux-x86_64-fedora-clang, r-devel-linux-x86_64-fedora-gcc