CRAN Package Check Results for Package FormShare

Last updated on 2023-06-07 18:56:29 CEST.

Flavor Version Tinstall Tcheck Ttotal Status Flags
r-devel-linux-x86_64-debian-clang 1.0.1 3.01 21.41 24.42 OK
r-devel-linux-x86_64-debian-gcc 1.0.1 2.38 17.37 19.75 OK
r-devel-linux-x86_64-fedora-clang 1.0.1 31.44 NOTE
r-devel-linux-x86_64-fedora-gcc 1.0.1 29.61 NOTE
r-devel-windows-x86_64 1.0.1 4.00 40.00 44.00 OK
r-patched-linux-x86_64 1.0.1 3.08 21.16 24.24 OK
r-release-linux-x86_64 1.0.1 3.18 21.28 24.46 OK
r-release-macos-arm64 1.0.1 17.00 OK
r-release-macos-x86_64 1.0.1 23.00 OK
r-release-windows-x86_64 1.0.1 4.00 39.00 43.00 OK
r-oldrel-macos-arm64 1.0.1 17.00 OK
r-oldrel-macos-x86_64 1.0.1 23.00 OK
r-oldrel-windows-x86_64 1.0.1 4.00 41.00 45.00 OK

Check Details

Version: 1.0.1
Check: dependencies in R code
Result: NOTE
    Namespaces in Imports field not imported from:
     ‘R6’ ‘httr’ ‘jsonlite’
     All declared Imports should be used.
Flavors: r-devel-linux-x86_64-fedora-clang, r-devel-linux-x86_64-fedora-gcc