CRAN Package Check Results for Package FlowScreen

Last updated on 2023-01-27 17:50:14 CET.

Flavor Version Tinstall Tcheck Ttotal Status Flags
r-devel-linux-x86_64-debian-clang 1.2.6 6.94 61.24 68.18 OK
r-devel-linux-x86_64-debian-gcc 1.2.6 5.34 44.83 50.17 OK
r-devel-linux-x86_64-fedora-clang 1.2.6 89.44 NOTE
r-devel-linux-x86_64-fedora-gcc 1.2.6 85.80 OK
r-devel-windows-x86_64 1.2.6 33.00 95.00 128.00 OK
r-patched-linux-x86_64 1.2.6 7.04 57.17 64.21 OK
r-release-linux-x86_64 1.2.6 5.06 56.33 61.39 OK
r-release-macos-arm64 1.2.6 24.00 OK
r-release-macos-x86_64 1.2.6 35.00 OK
r-release-windows-x86_64 1.2.6 37.00 86.00 123.00 OK
r-oldrel-macos-arm64 1.2.6 30.00 OK
r-oldrel-macos-x86_64 1.2.6 43.00 OK
r-oldrel-windows-ix86+x86_64 1.2.6 12.00 83.00 95.00 OK

Check Details

Version: 1.2.6
Check: Rd cross-references
Result: NOTE
    Undeclared package ‘Kendall’ in Rd xrefs
Flavor: r-devel-linux-x86_64-fedora-clang