CRAN Package Check Results for Package FlowScreen

Last updated on 2024-03-05 04:57:38 CET.

Flavor Version Tinstall Tcheck Ttotal Status Flags
r-devel-linux-x86_64-debian-clang 1.2.6 6.12 60.00 66.12 OK
r-devel-linux-x86_64-debian-gcc 1.2.6 4.91 44.05 48.96 OK
r-devel-linux-x86_64-fedora-clang 1.2.6 85.17 NOTE
r-devel-linux-x86_64-fedora-gcc 1.2.6 82.58 OK
r-devel-windows-x86_64 1.2.6 7.00 73.00 80.00 OK
r-patched-linux-x86_64 1.2.6 8.42 57.94 66.36 OK
r-release-linux-x86_64 1.2.6 5.24 57.56 62.80 OK
r-release-macos-arm64 1.2.6 26.00 OK
r-release-macos-x86_64 1.2.6 48.00 OK
r-release-windows-x86_64 1.2.6 9.00 78.00 87.00 OK
r-oldrel-macos-arm64 1.2.6 27.00 OK
r-oldrel-windows-x86_64 1.2.6 9.00 76.00 85.00 OK

Check Details

Version: 1.2.6
Check: Rd cross-references
Result: NOTE Undeclared package ‘Kendall’ in Rd xrefs Flavor: r-devel-linux-x86_64-fedora-clang