Last updated on 2023-12-06 18:52:44 CET.
Flavor | Version | Tinstall | Tcheck | Ttotal | Status | Flags |
---|---|---|---|---|---|---|
r-devel-linux-x86_64-debian-clang | 0.1.2 | 1.98 | 31.84 | 33.82 | NOTE | |
r-devel-linux-x86_64-debian-gcc | 0.1.2 | 2.19 | 24.12 | 26.31 | NOTE | |
r-devel-linux-x86_64-fedora-clang | 0.1.2 | 42.39 | NOTE | |||
r-devel-linux-x86_64-fedora-gcc | 0.1.2 | 42.73 | NOTE | |||
r-devel-windows-x86_64 | 0.1.2 | 3.00 | 48.00 | 51.00 | NOTE | |
r-patched-linux-x86_64 | 0.1.2 | 2.70 | 31.16 | 33.86 | NOTE | |
r-release-linux-x86_64 | 0.1.2 | 2.63 | 31.69 | 34.32 | NOTE | |
r-release-macos-arm64 | 0.1.2 | 16.00 | NOTE | |||
r-release-macos-x86_64 | 0.1.2 | 24.00 | NOTE | |||
r-release-windows-x86_64 | 0.1.2 | 4.00 | 50.00 | 54.00 | NOTE | |
r-oldrel-macos-arm64 | 0.1.2 | 16.00 | NOTE | |||
r-oldrel-macos-x86_64 | 0.1.2 | 24.00 | NOTE | |||
r-oldrel-windows-x86_64 | 0.1.2 | 6.00 | 48.00 | 54.00 | NOTE |
Version: 0.1.2
Check: LazyData
Result: NOTE
'LazyData' is specified without a 'data' directory
Flavors: r-devel-linux-x86_64-debian-clang, r-devel-linux-x86_64-debian-gcc, r-devel-linux-x86_64-fedora-clang, r-devel-linux-x86_64-fedora-gcc, r-devel-windows-x86_64, r-patched-linux-x86_64, r-release-linux-x86_64, r-release-macos-arm64, r-release-macos-x86_64, r-release-windows-x86_64, r-oldrel-macos-arm64, r-oldrel-macos-x86_64, r-oldrel-windows-x86_64