CRAN Package Check Results for Package FishResp

Last updated on 2022-10-02 09:53:28 CEST.

Flavor Version Tinstall Tcheck Ttotal Status Flags
r-devel-linux-x86_64-debian-clang 1.1.1 20.39 124.43 144.82 OK
r-devel-linux-x86_64-debian-gcc 1.1.1 17.92 88.73 106.65 OK
r-devel-linux-x86_64-fedora-clang 1.1.1 190.40 NOTE
r-devel-linux-x86_64-fedora-gcc 1.1.1 181.22 OK
r-devel-windows-x86_64 1.1.1 42.00 144.00 186.00 NOTE
r-patched-linux-x86_64 1.1.1 25.45 113.05 138.50 OK
r-release-linux-x86_64 1.1.1 14.62 109.74 124.36 OK
r-release-macos-arm64 1.1.1 48.00 NOTE
r-release-macos-x86_64 1.1.1 60.00 NOTE
r-release-windows-x86_64 1.1.1 45.00 135.00 180.00 NOTE
r-oldrel-macos-arm64 1.1.1 48.00 NOTE
r-oldrel-macos-x86_64 1.1.1 67.00 NOTE
r-oldrel-windows-ix86+x86_64 1.1.1 39.00 135.00 174.00 NOTE

Check Details

Version: 1.1.1
Check: installed package size
Result: NOTE
     installed size is 5.6Mb
     sub-directories of 1Mb or more:
     data 1.4Mb
     extdata 3.8Mb
Flavors: r-devel-linux-x86_64-fedora-clang, r-devel-windows-x86_64, r-release-macos-arm64, r-release-macos-x86_64, r-release-windows-x86_64, r-oldrel-macos-arm64, r-oldrel-macos-x86_64, r-oldrel-windows-ix86+x86_64