Last updated on 2023-12-10 07:49:38 CET.
Flavor | Version | Tinstall | Tcheck | Ttotal | Status | Flags |
---|---|---|---|---|---|---|
r-devel-linux-x86_64-debian-clang | 1.3.4 | 24.93 | 543.69 | 568.62 | OK | |
r-devel-linux-x86_64-debian-gcc | 1.3.4 | 24.22 | 389.49 | 413.71 | OK | |
r-devel-linux-x86_64-fedora-clang | 1.3.4 | 686.87 | NOTE | |||
r-devel-linux-x86_64-fedora-gcc | 1.3.4 | 673.87 | OK | |||
r-devel-windows-x86_64 | 1.3.4 | 26.00 | 356.00 | 382.00 | NOTE | |
r-patched-linux-x86_64 | 1.3.4 | 29.15 | 518.45 | 547.60 | OK | |
r-release-linux-x86_64 | 1.3.4 | 19.49 | 503.52 | 523.01 | OK | |
r-release-macos-arm64 | 1.3.4 | 241.00 | NOTE | |||
r-release-macos-x86_64 | 1.3.4 | 403.00 | NOTE | |||
r-release-windows-x86_64 | 1.3.4 | 36.00 | 472.00 | 508.00 | NOTE | |
r-oldrel-macos-arm64 | 1.3.4 | 174.00 | NOTE | |||
r-oldrel-macos-x86_64 | 1.3.4 | 236.00 | NOTE | |||
r-oldrel-windows-x86_64 | 1.3.4 | 36.00 | 467.00 | 503.00 | NOTE |
Version: 1.3.4
Check: installed package size
Result: NOTE
installed size is 6.0Mb
sub-directories of 1Mb or more:
R 1.0Mb
doc 3.0Mb
help 1.1Mb
Flavors: r-devel-linux-x86_64-fedora-clang, r-devel-windows-x86_64, r-release-macos-arm64, r-release-macos-x86_64, r-release-windows-x86_64, r-oldrel-macos-arm64, r-oldrel-macos-x86_64, r-oldrel-windows-x86_64