CRAN Package Check Results for Package FertBoot

Last updated on 2022-08-12 18:49:42 CEST.

Flavor Version Tinstall Tcheck Ttotal Status Flags
r-devel-linux-x86_64-debian-clang 0.5.0 2.70 27.24 29.94 NOTE
r-devel-linux-x86_64-debian-gcc 0.5.0 2.16 20.45 22.61 NOTE
r-devel-linux-x86_64-fedora-clang 0.5.0 47.86 NOTE
r-devel-linux-x86_64-fedora-gcc 0.5.0 46.86 NOTE
r-devel-windows-x86_64 0.5.0 8.00 54.00 62.00 NOTE
r-patched-linux-x86_64 0.5.0 2.54 25.82 28.36 NOTE
r-release-linux-x86_64 0.5.0 1.86 25.67 27.53 NOTE
r-release-macos-arm64 0.5.0 20.00 NOTE
r-release-macos-x86_64 0.5.0 25.00 NOTE
r-release-windows-x86_64 0.5.0 9.00 51.00 60.00 NOTE
r-oldrel-macos-arm64 0.5.0 22.00 NOTE
r-oldrel-macos-x86_64 0.5.0 25.00 NOTE
r-oldrel-windows-ix86+x86_64 0.5.0 7.00 45.00 52.00 NOTE

Check Details

Version: 0.5.0
Check: LazyData
Result: NOTE
     'LazyData' is specified without a 'data' directory
Flavors: r-devel-linux-x86_64-debian-clang, r-devel-linux-x86_64-debian-gcc, r-devel-linux-x86_64-fedora-clang, r-devel-linux-x86_64-fedora-gcc, r-devel-windows-x86_64, r-patched-linux-x86_64, r-release-linux-x86_64, r-release-macos-arm64, r-release-macos-x86_64, r-release-windows-x86_64, r-oldrel-macos-arm64, r-oldrel-macos-x86_64, r-oldrel-windows-ix86+x86_64