CRAN Package Check Results for Package FeatureHashing

Last updated on 2021-06-17 02:50:40 CEST.

Flavor Version Tinstall Tcheck Ttotal Status Flags
r-devel-linux-x86_64-debian-clang 0.9.1.4 78.46 119.28 197.74 OK
r-devel-linux-x86_64-debian-gcc 0.9.1.4 57.77 92.34 150.11 OK
r-devel-linux-x86_64-fedora-clang 0.9.1.4 270.96 OK
r-devel-linux-x86_64-fedora-gcc 0.9.1.4 244.44 OK
r-devel-windows-x86_64 0.9.1.4 103.00 117.00 220.00 OK
r-devel-windows-x86_64-gcc10-UCRT 0.9.1.4 OK
r-patched-linux-x86_64 0.9.1.4 65.50 115.45 180.95 OK
r-patched-solaris-x86 0.9.1.4 303.00 OK
r-release-linux-x86_64 0.9.1.4 67.20 114.66 181.86 OK
r-release-macos-arm64 0.9.1.4 NOTE
r-release-macos-x86_64 0.9.1.4 OK
r-release-windows-ix86+x86_64 0.9.1.4 190.00 224.00 414.00 OK
r-oldrel-macos-x86_64 0.9.1.4 OK
r-oldrel-windows-ix86+x86_64 0.9.1.4 135.00 235.00 370.00 OK

Check Details

Version: 0.9.1.4
Check: installed package size
Result: NOTE
     installed size is 5.8Mb
     sub-directories of 1Mb or more:
     libs 5.0Mb
Flavor: r-release-macos-arm64