CRAN Package Check Results for Package FateID

Last updated on 2018-05-26 18:46:32 CEST.

Flavor Version Tinstall Tcheck Ttotal Status Flags
r-devel-linux-x86_64-debian-clang 0.1.1 22.20 453.37 475.57 OK
r-devel-linux-x86_64-debian-gcc 0.1.1 19.95 312.28 332.23 OK
r-devel-linux-x86_64-fedora-clang 0.1.1 578.92 OK
r-devel-linux-x86_64-fedora-gcc 0.1.1 579.59 OK
r-devel-windows-ix86+x86_64 0.1.1 43.00 608.00 651.00 OK
r-patched-linux-x86_64 0.1.1 19.98 394.50 414.48 OK
r-patched-solaris-x86 0.1.1 848.80 NOTE
r-release-linux-x86_64 0.1.1 17.89 394.26 412.15 OK
r-release-windows-ix86+x86_64 0.1.1 49.00 536.00 585.00 OK
r-release-osx-x86_64 0.1.1 OK
r-oldrel-windows-ix86+x86_64 0.1.1 49.00 400.00 449.00 OK
r-oldrel-osx-x86_64 0.1.1 OK

Check Details

Version: 0.1.1
Check: installed package size
Result: NOTE
     installed size is 5.0Mb
     sub-directories of 1Mb or more:
     doc 4.4Mb
Flavor: r-patched-solaris-x86