CRAN Package Check Results for Package FateID

Last updated on 2018-08-20 07:47:38 CEST.

Flavor Version Tinstall Tcheck Ttotal Status Flags
r-devel-linux-x86_64-debian-clang 0.1.4 4.63 151.17 155.80 OK
r-devel-linux-x86_64-debian-gcc 0.1.4 3.05 118.02 121.07 OK
r-devel-linux-x86_64-fedora-clang 0.1.4 181.28 OK
r-devel-linux-x86_64-fedora-gcc 0.1.4 181.77 OK
r-devel-windows-ix86+x86_64 0.1.4 11.00 214.00 225.00 OK
r-patched-linux-x86_64 0.1.4 4.74 145.01 149.75 OK
r-patched-solaris-x86 0.1.4 308.90 OK
r-release-linux-x86_64 0.1.4 4.58 143.85 148.43 OK
r-release-windows-ix86+x86_64 0.1.4 15.00 196.00 211.00 OK
r-release-osx-x86_64 0.1.4 WARN
r-oldrel-windows-ix86+x86_64 0.1.4 8.00 178.00 186.00 OK
r-oldrel-osx-x86_64 0.1.4 WARN

Check Details

Version: 0.1.4
Check: whether package can be installed
Result: WARN
    Found the following significant warnings:
     Warning: 'rgl_init' failed, running with rgl.useNULL = TRUE
Flavors: r-release-osx-x86_64, r-oldrel-osx-x86_64