Last updated on 2023-10-03 03:08:53 CEST.
Flavor | Version | Tinstall | Tcheck | Ttotal | Status | Flags |
---|---|---|---|---|---|---|
r-devel-linux-x86_64-debian-clang | 0.2.2 | 14.03 | 169.64 | 183.67 | OK | |
r-devel-linux-x86_64-debian-gcc | 0.2.2 | 9.09 | 125.96 | 135.05 | OK | |
r-devel-linux-x86_64-fedora-clang | 0.2.2 | 228.50 | OK | |||
r-devel-linux-x86_64-fedora-gcc | 0.2.2 | 236.68 | OK | |||
r-devel-windows-x86_64 | 0.2.2 | 12.00 | 143.00 | 155.00 | OK | |
r-patched-linux-x86_64 | 0.2.2 | 11.58 | 160.00 | 171.58 | OK | |
r-release-linux-x86_64 | 0.2.2 | 13.38 | 160.71 | 174.09 | OK | |
r-release-macos-arm64 | 0.2.2 | 85.00 | OK | |||
r-release-macos-x86_64 | 0.2.2 | 114.00 | NOTE | |||
r-release-windows-x86_64 | 0.2.2 | 14.00 | 177.00 | 191.00 | OK | |
r-oldrel-macos-arm64 | 0.2.2 | 73.00 | OK | |||
r-oldrel-macos-x86_64 | 0.2.2 | 96.00 | OK | |||
r-oldrel-windows-x86_64 | 0.2.2 | 16.00 | 170.00 | 186.00 | OK |
Version: 0.2.2
Check: package dependencies
Result: NOTE
Package suggested but not available for checking: ‘DESeq2’
Flavor: r-release-macos-x86_64