CRAN Package Check Results for Package FastSF

Last updated on 2021-12-04 22:59:33 CET.

Flavor Version Tinstall Tcheck Ttotal Status Flags
r-devel-linux-x86_64-debian-clang 0.1.1 77.18 40.34 117.52 NOTE
r-devel-linux-x86_64-debian-gcc 0.1.1 55.42 32.05 87.47 NOTE
r-devel-linux-x86_64-fedora-clang 0.1.1 182.83 NOTE
r-devel-linux-x86_64-fedora-gcc 0.1.1 150.31 NOTE
r-devel-windows-x86_64-new-UL 0.1.1 103.00 93.00 196.00 NOTE
r-devel-windows-x86_64-new-TK 0.1.1 NOTE
r-devel-windows-x86_64-old 0.1.1 104.00 51.00 155.00 NOTE
r-patched-linux-x86_64 0.1.1 67.28 31.33 98.61 NOTE
r-release-linux-x86_64 0.1.1 67.64 30.86 98.50 NOTE
r-release-macos-arm64 0.1.1 NOTE
r-release-macos-x86_64 0.1.1 NOTE
r-release-windows-ix86+x86_64 0.1.1 203.00 84.00 287.00 NOTE
r-oldrel-macos-x86_64 0.1.1 OK
r-oldrel-windows-ix86+x86_64 0.1.1 200.00 88.00 288.00 OK

Check Details

Version: 0.1.1
Check: LazyData
Result: NOTE
     'LazyData' is specified without a 'data' directory
Flavors: r-devel-linux-x86_64-debian-clang, r-devel-linux-x86_64-debian-gcc, r-devel-linux-x86_64-fedora-clang, r-devel-linux-x86_64-fedora-gcc, r-devel-windows-x86_64-new-UL, r-devel-windows-x86_64-new-TK, r-devel-windows-x86_64-old, r-patched-linux-x86_64, r-release-linux-x86_64, r-release-macos-arm64, r-release-macos-x86_64, r-release-windows-ix86+x86_64