Last updated on 2019-02-15 18:50:57 CET.
Flavor | Version | Tinstall | Tcheck | Ttotal | Status | Flags |
---|---|---|---|---|---|---|
r-devel-linux-x86_64-debian-clang | 1.1-1 | 8.04 | 21.27 | 29.31 | WARN | |
r-devel-linux-x86_64-debian-gcc | 1.1-1 | 4.98 | 17.09 | 22.07 | WARN | |
r-devel-linux-x86_64-fedora-clang | 1.1-1 | 34.01 | WARN | |||
r-devel-linux-x86_64-fedora-gcc | 1.1-1 | 32.36 | WARN | |||
r-devel-windows-ix86+x86_64 | 1.1-1 | 1.00 | 5.00 | 6.00 | ERROR | |
r-patched-linux-x86_64 | 1.1-1 | 5.44 | 19.79 | 25.23 | WARN | |
r-patched-solaris-x86 | 1.1-1 | 77.50 | ERROR | |||
r-release-linux-x86_64 | 1.1-1 | 5.13 | 19.99 | 25.12 | WARN | |
r-release-windows-ix86+x86_64 | 1.1-1 | 2.00 | 16.00 | 18.00 | ERROR | |
r-release-osx-x86_64 | 1.1-1 | WARN | ||||
r-oldrel-windows-ix86+x86_64 | 1.1-1 | 6.00 | 15.00 | 21.00 | ERROR | |
r-oldrel-osx-x86_64 | 1.1-1 | NOTE |
Version: 1.1-1
Check: whether package can be installed
Result: WARN
Found the following significant warnings:
Rconnection.h:202:12: warning: ISO C++ forbids converting a string constant to ‘char*’ [-Wwrite-strings]
Rconnection.h:205:12: warning: ISO C++ forbids converting a string constant to ‘char*’ [-Wwrite-strings]
Rconnection.cc:53:20: warning: ISO C++ forbids converting a string constant to ‘char*’ [-Wwrite-strings]
Flavors: r-devel-linux-x86_64-debian-clang, r-devel-linux-x86_64-debian-gcc, r-devel-linux-x86_64-fedora-clang, r-devel-linux-x86_64-fedora-gcc, r-patched-linux-x86_64, r-release-linux-x86_64
Version: 1.1-1
Check: R code for possible problems
Result: NOTE
.run: no visible binding for global variable ‘init’
.run: no visible global function definition for ‘init’
.run: no visible binding for global variable ‘run’
Undefined global functions or variables:
init run
Flavors: r-devel-linux-x86_64-debian-clang, r-devel-linux-x86_64-debian-gcc, r-devel-linux-x86_64-fedora-clang, r-devel-linux-x86_64-fedora-gcc, r-patched-linux-x86_64, r-release-linux-x86_64, r-release-osx-x86_64, r-oldrel-osx-x86_64
Version: 1.1-1
Check: compiled code
Result: NOTE
Note: information on .o files is not available
Flavors: r-devel-linux-x86_64-debian-clang, r-devel-linux-x86_64-debian-gcc, r-patched-linux-x86_64, r-release-linux-x86_64, r-release-osx-x86_64, r-oldrel-osx-x86_64
Version: 1.1-1
Check: compiled code
Result: NOTE
Note: information on .o files is not available
File ‘FastRWeb/libs/null.so’:
Found no calls to: ‘R_registerRoutines’, ‘R_useDynamicSymbols’
It is good practice to register native routines and to disable symbol
search.
See ‘Writing portable packages’ in the ‘Writing R Extensions’ manual.
Flavors: r-devel-linux-x86_64-fedora-clang, r-devel-linux-x86_64-fedora-gcc
Version: 1.1-1
Check: whether package can be installed
Result: ERROR
Installation failed.
Flavors: r-devel-windows-ix86+x86_64, r-patched-solaris-x86, r-release-windows-ix86+x86_64, r-oldrel-windows-ix86+x86_64
Version: 1.1-1
Check: package dependencies
Result: NOTE
Package suggested but not available for checking: ‘Rserve’
Flavor: r-patched-solaris-x86
Version: 1.1-1
Check: whether package can be installed
Result: WARN
Found the following significant warnings:
Rconnection.cc:347:12: warning: comparison of unsigned expression < 0 is always false [-Wtautological-compare]
Rconnection.cc:356:12: warning: comparison of unsigned expression < 0 is always false [-Wtautological-compare]
Flavor: r-release-osx-x86_64