Last updated on 2022-05-28 16:49:08 CEST.
Flavor | Version | Tinstall | Tcheck | Ttotal | Status | Flags |
---|---|---|---|---|---|---|
r-devel-linux-x86_64-debian-clang | 1.1.2 | 559.61 | 134.08 | 693.69 | OK | |
r-devel-linux-x86_64-debian-gcc | 1.1.2 | 440.64 | 114.02 | 554.66 | OK | |
r-devel-linux-x86_64-fedora-clang | 1.1.2 | 1034.00 | NOTE | |||
r-devel-linux-x86_64-fedora-gcc | 1.1.2 | 928.83 | OK | |||
r-devel-windows-x86_64 | 1.1.2 | 311.00 | 196.00 | 507.00 | OK | |
r-patched-linux-x86_64 | 1.1.2 | 467.77 | 150.37 | 618.14 | OK | |
r-release-linux-x86_64 | 1.1.2 | 466.19 | 150.61 | 616.80 | OK | |
r-release-macos-arm64 | 1.1.2 | 212.00 | NOTE | |||
r-release-macos-x86_64 | 1.1.2 | 390.00 | NOTE | |||
r-release-windows-x86_64 | 1.1.2 | 311.00 | 194.00 | 505.00 | OK | |
r-oldrel-macos-arm64 | 1.1.2 | 187.00 | NOTE | |||
r-oldrel-macos-x86_64 | 1.1.2 | 278.00 | NOTE | |||
r-oldrel-windows-ix86+x86_64 | 1.1.2 | 1091.00 | 257.00 | 1348.00 | OK |
Version: 1.1.2
Check: installed package size
Result: NOTE
installed size is 42.3Mb
sub-directories of 1Mb or more:
libs 42.0Mb
Flavors: r-devel-linux-x86_64-fedora-clang, r-release-macos-arm64, r-release-macos-x86_64, r-oldrel-macos-arm64, r-oldrel-macos-x86_64