CRAN Package Check Results for Package FastGP

Last updated on 2022-01-25 00:49:48 CET.

Flavor Version Tinstall Tcheck Ttotal Status Flags
r-devel-linux-x86_64-debian-clang 1.2 44.06 38.43 82.49 OK
r-devel-linux-x86_64-debian-gcc 1.2 32.69 30.64 63.33 OK
r-devel-linux-x86_64-fedora-clang 1.2 121.44 NOTE
r-devel-linux-x86_64-fedora-gcc 1.2 99.19 NOTE
r-devel-windows-x86_64-new-UL 1.2 43.00 82.00 125.00 OK
r-devel-windows-x86_64-new-TK 1.2 OK
r-patched-linux-x86_64 1.2 38.64 37.62 76.26 OK
r-release-linux-x86_64 1.2 41.43 38.10 79.53 OK
r-release-macos-arm64 1.2 NOTE
r-release-macos-x86_64 1.2 NOTE
r-release-windows-ix86+x86_64 1.2 109.00 76.00 185.00 OK
r-oldrel-macos-x86_64 1.2 NOTE
r-oldrel-windows-ix86+x86_64 1.2 108.00 72.00 180.00 OK

Check Details

Version: 1.2
Check: installed package size
Result: NOTE
     installed size is 6.1Mb
     sub-directories of 1Mb or more:
     libs 5.7Mb
Flavors: r-devel-linux-x86_64-fedora-clang, r-release-macos-arm64, r-release-macos-x86_64, r-oldrel-macos-x86_64

Version: 1.2
Check: compiled code
Result: NOTE
    File ‘FastGP/libs/FastGP.so’:
     Found no calls to: ‘R_registerRoutines’, ‘R_useDynamicSymbols’
    
    It is good practice to register native routines and to disable symbol
    search.
    
    See ‘Writing portable packages’ in the ‘Writing R Extensions’ manual.
Flavors: r-devel-linux-x86_64-fedora-clang, r-devel-linux-x86_64-fedora-gcc