CRAN Package Check Results for Package FastBandChol

Last updated on 2021-12-04 21:53:08 CET.

Flavor Version Tinstall Tcheck Ttotal Status Flags
r-devel-linux-x86_64-debian-clang 0.1.1 30.03 33.71 63.74 NOTE
r-devel-linux-x86_64-debian-gcc 0.1.1 21.43 27.11 48.54 NOTE
r-devel-linux-x86_64-fedora-clang 0.1.1 89.23 NOTE
r-devel-linux-x86_64-fedora-gcc 0.1.1 70.62 NOTE
r-devel-windows-x86_64-new-UL 0.1.1 46.00 88.00 134.00 NOTE
r-devel-windows-x86_64-new-TK 0.1.1 NOTE
r-devel-windows-x86_64-old 0.1.1 40.00 45.00 85.00 NOTE
r-patched-linux-x86_64 0.1.1 24.05 24.55 48.60 NOTE
r-release-linux-x86_64 0.1.1 26.69 24.59 51.28 NOTE
r-release-macos-arm64 0.1.1 NOTE
r-release-macos-x86_64 0.1.1 NOTE
r-release-windows-ix86+x86_64 0.1.1 77.00 79.00 156.00 NOTE
r-oldrel-macos-x86_64 0.1.1 OK
r-oldrel-windows-ix86+x86_64 0.1.1 75.00 75.00 150.00 OK

Check Details

Version: 0.1.1
Check: LazyData
Result: NOTE
     'LazyData' is specified without a 'data' directory
Flavors: r-devel-linux-x86_64-debian-clang, r-devel-linux-x86_64-debian-gcc, r-devel-linux-x86_64-fedora-clang, r-devel-linux-x86_64-fedora-gcc, r-devel-windows-x86_64-new-UL, r-devel-windows-x86_64-new-TK, r-devel-windows-x86_64-old, r-patched-linux-x86_64, r-release-linux-x86_64, r-release-macos-arm64, r-release-macos-x86_64, r-release-windows-ix86+x86_64

Version: 0.1.1
Check: compiled code
Result: NOTE
    File ‘FastBandChol/libs/FastBandChol.so’:
     Found no calls to: ‘R_registerRoutines’, ‘R_useDynamicSymbols’
    
    It is good practice to register native routines and to disable symbol
    search.
    
    See ‘Writing portable packages’ in the ‘Writing R Extensions’ manual.
Flavors: r-devel-linux-x86_64-fedora-clang, r-devel-linux-x86_64-fedora-gcc