Last updated on 2023-12-10 22:55:57 CET.
Flavor | Version | Tinstall | Tcheck | Ttotal | Status | Flags |
---|---|---|---|---|---|---|
r-devel-linux-x86_64-debian-clang | 0.1.1 | 29.98 | 28.11 | 58.09 | NOTE | |
r-devel-linux-x86_64-debian-gcc | 0.1.1 | 20.57 | 21.96 | 42.53 | NOTE | |
r-devel-linux-x86_64-fedora-clang | 0.1.1 | 86.08 | NOTE | |||
r-devel-linux-x86_64-fedora-gcc | 0.1.1 | 81.75 | NOTE | |||
r-devel-windows-x86_64 | 0.1.1 | 27.00 | 70.00 | 97.00 | NOTE | |
r-patched-linux-x86_64 | 0.1.1 | 24.96 | 27.53 | 52.49 | NOTE | |
r-release-linux-x86_64 | 0.1.1 | 25.21 | 27.70 | 52.91 | NOTE | |
r-release-macos-arm64 | 0.1.1 | 27.00 | NOTE | |||
r-release-macos-x86_64 | 0.1.1 | 40.00 | NOTE | |||
r-release-windows-x86_64 | 0.1.1 | 34.00 | 76.00 | 110.00 | NOTE | |
r-oldrel-macos-arm64 | 0.1.1 | 25.00 | NOTE | |||
r-oldrel-macos-x86_64 | 0.1.1 | 34.00 | NOTE | |||
r-oldrel-windows-x86_64 | 0.1.1 | 32.00 | 75.00 | 107.00 | NOTE |
Version: 0.1.1
Check: LazyData
Result: NOTE
'LazyData' is specified without a 'data' directory
Flavors: r-devel-linux-x86_64-debian-clang, r-devel-linux-x86_64-debian-gcc, r-devel-linux-x86_64-fedora-clang, r-devel-linux-x86_64-fedora-gcc, r-devel-windows-x86_64, r-patched-linux-x86_64, r-release-linux-x86_64, r-release-macos-arm64, r-release-macos-x86_64, r-release-windows-x86_64, r-oldrel-macos-arm64, r-oldrel-macos-x86_64, r-oldrel-windows-x86_64
Version: 0.1.1
Check: compiled code
Result: NOTE
File ‘FastBandChol/libs/FastBandChol.so’:
Found no calls to: ‘R_registerRoutines’, ‘R_useDynamicSymbols’
It is good practice to register native routines and to disable symbol
search.
See ‘Writing portable packages’ in the ‘Writing R Extensions’ manual.
Flavors: r-devel-linux-x86_64-fedora-clang, r-devel-linux-x86_64-fedora-gcc