CRAN Package Check Results for Package FarmTest

Last updated on 2021-12-03 03:55:30 CET.

Flavor Version Tinstall Tcheck Ttotal Status Flags
r-devel-linux-x86_64-debian-clang 2.2.0 43.27 42.29 85.56 OK
r-devel-linux-x86_64-debian-gcc 2.2.0 35.20 29.05 64.25 OK
r-devel-linux-x86_64-fedora-clang 2.2.0 137.12 OK
r-devel-linux-x86_64-fedora-gcc 2.2.0 128.91 OK
r-devel-windows-x86_64-new-UL 2.2.0 58.00 97.00 155.00 OK
r-devel-windows-x86_64-new-TK 2.2.0 OK
r-devel-windows-x86_64-old 2.2.0 55.00 74.00 129.00 OK
r-patched-linux-x86_64 2.2.0 40.57 51.92 92.49 OK
r-patched-solaris-x86 2.2.0 138.40 OK
r-release-linux-x86_64 2.2.0 38.03 51.17 89.20 OK
r-release-macos-arm64 2.2.0 NOTE
r-release-macos-x86_64 2.2.0 OK
r-release-windows-ix86+x86_64 2.2.0 110.00 134.00 244.00 OK
r-oldrel-macos-x86_64 2.2.0 OK
r-oldrel-windows-ix86+x86_64 2.2.0 107.00 133.00 240.00 OK

Check Details

Version: 2.2.0
Check: installed package size
Result: NOTE
     installed size is 6.1Mb
     sub-directories of 1Mb or more:
     libs 5.9Mb
Flavor: r-release-macos-arm64