CRAN Package Check Results for Package FarmSelect

Last updated on 2021-12-04 10:52:31 CET.

Flavor Version Tinstall Tcheck Ttotal Status Flags
r-devel-linux-x86_64-debian-clang 1.0.2 42.85 89.72 132.57 NOTE
r-devel-linux-x86_64-debian-gcc 1.0.2 29.92 70.68 100.60 NOTE
r-devel-linux-x86_64-fedora-clang 1.0.2 174.02 NOTE
r-devel-linux-x86_64-fedora-gcc 1.0.2 157.45 NOTE
r-devel-windows-x86_64-new-UL 1.0.2 55.00 149.00 204.00 NOTE
r-devel-windows-x86_64-new-TK 1.0.2 NOTE
r-devel-windows-x86_64-old 1.0.2 52.00 102.00 154.00 NOTE
r-patched-linux-x86_64 1.0.2 37.69 80.40 118.09 NOTE
r-release-linux-x86_64 1.0.2 33.94 81.35 115.29 NOTE
r-release-macos-arm64 1.0.2 NOTE
r-release-macos-x86_64 1.0.2 NOTE
r-release-windows-ix86+x86_64 1.0.2 100.00 151.00 251.00 NOTE
r-oldrel-macos-x86_64 1.0.2 OK
r-oldrel-windows-ix86+x86_64 1.0.2 99.00 153.00 252.00 OK

Check Details

Version: 1.0.2
Check: LazyData
Result: NOTE
     'LazyData' is specified without a 'data' directory
Flavors: r-devel-linux-x86_64-debian-clang, r-devel-linux-x86_64-debian-gcc, r-devel-linux-x86_64-fedora-clang, r-devel-linux-x86_64-fedora-gcc, r-devel-windows-x86_64-new-UL, r-devel-windows-x86_64-new-TK, r-devel-windows-x86_64-old, r-patched-linux-x86_64, r-release-linux-x86_64, r-release-macos-arm64, r-release-macos-x86_64, r-release-windows-ix86+x86_64