CRAN Package Check Results for Package FamilyRank

Last updated on 2024-06-13 08:53:33 CEST.

Flavor Version Tinstall Tcheck Ttotal Status Flags
r-devel-linux-x86_64-debian-clang 1.0 32.41 33.66 66.07 NOTE
r-devel-linux-x86_64-debian-gcc 1.0 22.59 25.72 48.31 NOTE
r-devel-linux-x86_64-fedora-clang 1.0 89.90 NOTE
r-devel-linux-x86_64-fedora-gcc 1.0 91.90 NOTE
r-devel-windows-x86_64 1.0 27.00 62.00 89.00 NOTE
r-patched-linux-x86_64 1.0 29.30 31.67 60.97 NOTE
r-release-linux-x86_64 1.0 26.64 30.57 57.21 NOTE
r-release-macos-arm64 1.0 24.00 NOTE
r-release-macos-x86_64 1.0 34.00 NOTE
r-release-windows-x86_64 1.0 26.00 70.00 96.00 NOTE
r-oldrel-macos-arm64 1.0 27.00 NOTE
r-oldrel-macos-x86_64 1.0 42.00 NOTE
r-oldrel-windows-x86_64 1.0 34.00 74.00 108.00 NOTE

Check Details

Version: 1.0
Check: C++ specification
Result: NOTE Specified C++11: please drop specification unless essential Flavors: r-devel-linux-x86_64-debian-clang, r-devel-linux-x86_64-debian-gcc, r-devel-linux-x86_64-fedora-clang, r-devel-linux-x86_64-fedora-gcc, r-devel-windows-x86_64, r-patched-linux-x86_64, r-release-linux-x86_64, r-release-macos-arm64, r-release-macos-x86_64, r-release-windows-x86_64, r-oldrel-macos-arm64, r-oldrel-macos-x86_64, r-oldrel-windows-x86_64

Version: 1.0
Check: LazyData
Result: NOTE 'LazyData' is specified without a 'data' directory Flavors: r-devel-linux-x86_64-debian-clang, r-devel-linux-x86_64-debian-gcc, r-devel-linux-x86_64-fedora-clang, r-devel-linux-x86_64-fedora-gcc, r-devel-windows-x86_64, r-patched-linux-x86_64, r-release-linux-x86_64, r-release-macos-arm64, r-release-macos-x86_64, r-release-windows-x86_64, r-oldrel-macos-arm64, r-oldrel-macos-x86_64, r-oldrel-windows-x86_64