CRAN Package Check Results for Package FamilyRank

Last updated on 2021-12-04 22:59:33 CET.

Flavor Version Tinstall Tcheck Ttotal Status Flags
r-devel-linux-x86_64-debian-clang 1.0 32.79 38.92 71.71 NOTE
r-devel-linux-x86_64-debian-gcc 1.0 19.94 31.06 51.00 NOTE
r-devel-linux-x86_64-fedora-clang 1.0 96.45 NOTE
r-devel-linux-x86_64-fedora-gcc 1.0 79.63 NOTE
r-devel-windows-x86_64-new-UL 1.0 42.00 93.00 135.00 NOTE
r-devel-windows-x86_64-new-TK 1.0 NOTE
r-devel-windows-x86_64-old 1.0 40.00 48.00 88.00 NOTE
r-patched-linux-x86_64 1.0 29.18 29.54 58.72 NOTE
r-release-linux-x86_64 1.0 25.18 29.80 54.98 NOTE
r-release-macos-arm64 1.0 NOTE
r-release-macos-x86_64 1.0 NOTE
r-release-windows-ix86+x86_64 1.0 76.00 76.00 152.00 NOTE
r-oldrel-macos-x86_64 1.0 OK
r-oldrel-windows-ix86+x86_64 1.0 76.00 78.00 154.00 OK

Check Details

Version: 1.0
Check: LazyData
Result: NOTE
     'LazyData' is specified without a 'data' directory
Flavors: r-devel-linux-x86_64-debian-clang, r-devel-linux-x86_64-debian-gcc, r-devel-linux-x86_64-fedora-clang, r-devel-linux-x86_64-fedora-gcc, r-devel-windows-x86_64-new-UL, r-devel-windows-x86_64-new-TK, r-devel-windows-x86_64-old, r-patched-linux-x86_64, r-release-linux-x86_64, r-release-macos-arm64, r-release-macos-x86_64, r-release-windows-ix86+x86_64