Last updated on 2025-01-22 17:49:12 CET.
Flavor | Version | Tinstall | Tcheck | Ttotal | Status | Flags |
---|---|---|---|---|---|---|
r-devel-linux-x86_64-debian-clang | 2016.5.31 | 1.30 | 13.42 | 14.72 | NOTE | |
r-devel-linux-x86_64-debian-gcc | 2016.5.31 | 1.12 | 11.19 | 12.31 | NOTE | |
r-devel-linux-x86_64-fedora-clang | 2016.5.31 | 23.99 | NOTE | |||
r-devel-linux-x86_64-fedora-gcc | 2016.5.31 | 23.38 | NOTE | |||
r-devel-windows-x86_64 | 2016.5.31 | 3.00 | 37.00 | 40.00 | NOTE | |
r-patched-linux-x86_64 | 2016.5.31 | 1.44 | 12.80 | 14.24 | NOTE | |
r-release-linux-x86_64 | 2016.5.31 | 1.22 | 12.95 | 14.17 | NOTE | |
r-release-macos-arm64 | 2016.5.31 | 12.00 | NOTE | |||
r-release-macos-x86_64 | 2016.5.31 | 18.00 | NOTE | |||
r-release-windows-x86_64 | 2016.5.31 | 2.00 | 39.00 | 41.00 | NOTE | |
r-oldrel-macos-arm64 | 2016.5.31 | 15.00 | OK | |||
r-oldrel-macos-x86_64 | 2016.5.31 | 17.00 | OK | |||
r-oldrel-windows-x86_64 | 2016.5.31 | 3.00 | 38.00 | 41.00 | OK |
Version: 2016.5.31
Check: Rd files
Result: NOTE
checkRd: (-1) happy.Rd:14: Lost braces
14 | code{Pretty happy} < \code{Very happy}}
| ^
Flavors: r-devel-linux-x86_64-debian-clang, r-devel-linux-x86_64-debian-gcc, r-devel-linux-x86_64-fedora-clang, r-devel-linux-x86_64-fedora-gcc, r-devel-windows-x86_64, r-patched-linux-x86_64, r-release-linux-x86_64, r-release-macos-arm64, r-release-macos-x86_64, r-release-windows-x86_64