CRAN Package Check Results for Package FactoClass

Last updated on 2022-11-30 12:54:31 CET.

Flavor Version Tinstall Tcheck Ttotal Status Flags
r-devel-linux-x86_64-debian-clang 1.2.7 10.64 82.93 93.57 NOTE
r-devel-linux-x86_64-debian-gcc 1.2.7 7.92 60.65 68.57 NOTE
r-devel-linux-x86_64-fedora-clang 1.2.7 123.90 NOTE
r-devel-linux-x86_64-fedora-gcc 1.2.7 119.99 NOTE
r-devel-windows-x86_64 1.2.7 31.00 123.00 154.00 OK
r-patched-linux-x86_64 1.2.7 9.87 75.70 85.57 NOTE
r-release-linux-x86_64 1.2.7 10.33 77.14 87.47 NOTE
r-release-macos-arm64 1.2.7 36.00 OK
r-release-macos-x86_64 1.2.7 66.00 OK
r-release-windows-x86_64 1.2.7 48.00 118.00 166.00 OK
r-oldrel-macos-arm64 1.2.7 38.00 OK
r-oldrel-macos-x86_64 1.2.7 57.00 OK
r-oldrel-windows-ix86+x86_64 1.2.7 28.00 130.00 158.00 OK

Check Details

Version: 1.2.7
Check: for non-standard things in the check directory
Result: NOTE
    Found the following files/directories:
     'Bogota.tex' 'DogBreeds1.tex'
Flavors: r-devel-linux-x86_64-debian-clang, r-devel-linux-x86_64-debian-gcc, r-devel-linux-x86_64-fedora-clang, r-devel-linux-x86_64-fedora-gcc, r-patched-linux-x86_64, r-release-linux-x86_64