CRAN Package Check Results for Package FactoClass

Last updated on 2022-08-16 17:53:24 CEST.

Flavor Version Tinstall Tcheck Ttotal Status Flags
r-devel-linux-x86_64-debian-clang 1.2.7 10.56 83.05 93.61 NOTE
r-devel-linux-x86_64-debian-gcc 1.2.7 7.92 61.18 69.10 NOTE
r-devel-linux-x86_64-fedora-clang 1.2.7 120.07 NOTE
r-devel-linux-x86_64-fedora-gcc 1.2.7 122.25 NOTE
r-devel-windows-x86_64 1.2.7 36.00 107.00 143.00 OK
r-patched-linux-x86_64 1.2.7 10.10 76.60 86.70 NOTE
r-release-linux-x86_64 1.2.7 9.04 78.31 87.35 NOTE
r-release-macos-arm64 1.2.7 36.00 OK
r-release-macos-x86_64 1.2.7 66.00 OK
r-release-windows-x86_64 1.2.7 38.00 95.00 133.00 OK
r-oldrel-macos-arm64 1.2.7 38.00 OK
r-oldrel-macos-x86_64 1.2.7 57.00 OK
r-oldrel-windows-ix86+x86_64 1.2.7 29.00 138.00 167.00 OK

Check Details

Version: 1.2.7
Check: for non-standard things in the check directory
Result: NOTE
    Found the following files/directories:
     'Bogota.tex' 'DogBreeds1.tex'
Flavors: r-devel-linux-x86_64-debian-clang, r-devel-linux-x86_64-debian-gcc, r-devel-linux-x86_64-fedora-clang, r-devel-linux-x86_64-fedora-gcc, r-patched-linux-x86_64, r-release-linux-x86_64