CRAN Package Check Results for Package FacPad

Last updated on 2019-02-20 18:47:11 CET.

Flavor Version Tinstall Tcheck Ttotal Status Flags
r-devel-linux-x86_64-debian-clang 3.0 1.59 34.30 35.89 NOTE
r-devel-linux-x86_64-debian-gcc 3.0 1.43 25.58 27.01 NOTE
r-devel-linux-x86_64-fedora-clang 3.0 41.86 NOTE
r-devel-linux-x86_64-fedora-gcc 3.0 39.23 NOTE
r-devel-windows-ix86+x86_64 3.0 7.00 47.00 54.00 NOTE
r-patched-linux-x86_64 3.0 NOTE
r-patched-solaris-x86 3.0 53.60 NOTE
r-release-linux-x86_64 3.0 NOTE
r-release-windows-ix86+x86_64 3.0 4.00 68.00 72.00 NOTE
r-release-osx-x86_64 3.0 NOTE
r-oldrel-windows-ix86+x86_64 3.0 4.00 68.00 72.00 NOTE
r-oldrel-osx-x86_64 3.0 NOTE

Check Details

Version: 3.0
Check: R code for possible problems
Result: NOTE
    gibbs2: no visible global function definition for ‘rnorm’
    gibbs_sampling: no visible global function definition for ‘rnorm’
    Undefined global functions or variables:
     rnorm
    Consider adding
     importFrom("stats", "rnorm")
    to your NAMESPACE file.
Flavors: r-devel-linux-x86_64-debian-clang, r-devel-linux-x86_64-debian-gcc, r-devel-linux-x86_64-fedora-clang, r-devel-linux-x86_64-fedora-gcc, r-devel-windows-ix86+x86_64, r-patched-linux-x86_64, r-patched-solaris-x86, r-release-linux-x86_64, r-release-windows-ix86+x86_64, r-release-osx-x86_64, r-oldrel-windows-ix86+x86_64, r-oldrel-osx-x86_64