CRAN Package Check Results for Package FacPad

Last updated on 2019-08-24 08:49:49 CEST.

Flavor Version Tinstall Tcheck Ttotal Status Flags
r-devel-linux-x86_64-debian-clang 3.0 2.50 33.95 36.45 NOTE
r-devel-linux-x86_64-debian-gcc 3.0 1.89 25.47 27.36 NOTE
r-devel-linux-x86_64-fedora-clang 3.0 42.98 NOTE
r-devel-linux-x86_64-fedora-gcc 3.0 40.98 NOTE
r-devel-windows-ix86+x86_64 3.0 9.00 45.00 54.00 NOTE
r-patched-linux-x86_64 3.0 1.94 32.43 34.37 NOTE
r-patched-solaris-x86 3.0 61.30 NOTE
r-release-linux-x86_64 3.0 2.15 32.74 34.89 NOTE
r-release-windows-ix86+x86_64 3.0 15.00 74.00 89.00 NOTE
r-release-osx-x86_64 3.0 NOTE
r-oldrel-windows-ix86+x86_64 3.0 9.00 71.00 80.00 NOTE
r-oldrel-osx-x86_64 3.0 NOTE

Check Details

Version: 3.0
Check: R code for possible problems
Result: NOTE
    gibbs2: no visible global function definition for 'rnorm'
    gibbs_sampling: no visible global function definition for 'rnorm'
    Undefined global functions or variables:
     rnorm
    Consider adding
     importFrom("stats", "rnorm")
    to your NAMESPACE file.
Flavors: r-devel-linux-x86_64-debian-clang, r-devel-linux-x86_64-debian-gcc, r-devel-linux-x86_64-fedora-clang, r-devel-linux-x86_64-fedora-gcc, r-devel-windows-ix86+x86_64, r-patched-linux-x86_64, r-patched-solaris-x86, r-release-linux-x86_64, r-release-windows-ix86+x86_64, r-release-osx-x86_64, r-oldrel-windows-ix86+x86_64, r-oldrel-osx-x86_64

Version: 3.0
Check: for non-standard things in the check directory
Result: NOTE
    Found the following files/directories:
     'test_30iter.RData' 'test_50iter.RData' 'test_v2_50iter.RData'
Flavors: r-devel-linux-x86_64-debian-clang, r-devel-linux-x86_64-debian-gcc, r-devel-linux-x86_64-fedora-clang, r-devel-linux-x86_64-fedora-gcc