CRAN Package Check Results for Package FUNTA

Last updated on 2022-12-09 01:50:29 CET.

Flavor Version Tinstall Tcheck Ttotal Status Flags
r-devel-linux-x86_64-debian-clang 0.1.0 1.77 22.15 23.92 NOTE
r-devel-linux-x86_64-debian-gcc 0.1.0 1.53 17.73 19.26 NOTE
r-devel-linux-x86_64-fedora-clang 0.1.0 40.31 NOTE
r-devel-linux-x86_64-fedora-gcc 0.1.0 39.03 NOTE
r-devel-windows-x86_64 0.1.0 8.00 47.00 55.00 NOTE
r-patched-linux-x86_64 0.1.0 1.98 21.40 23.38 NOTE
r-release-linux-x86_64 0.1.0 1.46 21.36 22.82 NOTE
r-release-macos-arm64 0.1.0 13.00 NOTE
r-release-macos-x86_64 0.1.0 22.00 NOTE
r-release-windows-x86_64 0.1.0 5.00 43.00 48.00 NOTE
r-oldrel-macos-arm64 0.1.0 17.00 NOTE
r-oldrel-macos-x86_64 0.1.0 26.00 NOTE
r-oldrel-windows-ix86+x86_64 0.1.0 4.00 33.00 37.00 NOTE

Check Details

Version: 0.1.0
Check: LazyData
Result: NOTE
     'LazyData' is specified without a 'data' directory
Flavors: r-devel-linux-x86_64-debian-clang, r-devel-linux-x86_64-debian-gcc, r-devel-linux-x86_64-fedora-clang, r-devel-linux-x86_64-fedora-gcc, r-devel-windows-x86_64, r-patched-linux-x86_64, r-release-linux-x86_64, r-release-macos-arm64, r-release-macos-x86_64, r-release-windows-x86_64, r-oldrel-macos-arm64, r-oldrel-macos-x86_64, r-oldrel-windows-ix86+x86_64