CRAN Package Check Results for Package FSelectorRcpp

Last updated on 2022-12-02 12:54:52 CET.

Flavor Version Tinstall Tcheck Ttotal Status Flags
r-devel-linux-x86_64-debian-clang 0.3.8 105.92 69.48 175.40 WARN
r-devel-linux-x86_64-debian-gcc 0.3.8 88.18 50.78 138.96 WARN
r-devel-linux-x86_64-fedora-clang 0.3.8 260.08 WARN
r-devel-linux-x86_64-fedora-gcc 0.3.8 258.17 WARN
r-devel-windows-x86_64 0.3.8 108.00 127.00 235.00 NOTE
r-patched-linux-x86_64 0.3.8 86.18 64.00 150.18 NOTE
r-release-linux-x86_64 0.3.8 74.93 75.03 149.96 NOTE
r-release-macos-arm64 0.3.8 69.00 NOTE
r-release-macos-x86_64 0.3.8 124.00 NOTE
r-release-windows-x86_64 0.3.8 113.00 156.00 269.00 NOTE
r-oldrel-macos-arm64 0.3.8 116.00 NOTE
r-oldrel-macos-x86_64 0.3.8 94.00 NOTE
r-oldrel-windows-ix86+x86_64 0.3.8 248.00 153.00 401.00 NOTE

Check Details

Version: 0.3.8
Check: whether package can be installed
Result: WARN
    Found the following significant warnings:
     init.c:20:31: warning: a function declaration without a prototype is deprecated in all versions of C [-Wstrict-prototypes]
Flavors: r-devel-linux-x86_64-debian-clang, r-devel-linux-x86_64-fedora-clang

Version: 0.3.8
Check: LazyData
Result: NOTE
     'LazyData' is specified without a 'data' directory
Flavors: r-devel-linux-x86_64-debian-clang, r-devel-linux-x86_64-debian-gcc, r-devel-linux-x86_64-fedora-clang, r-devel-linux-x86_64-fedora-gcc, r-devel-windows-x86_64, r-patched-linux-x86_64, r-release-linux-x86_64, r-release-macos-arm64, r-release-macos-x86_64, r-release-windows-x86_64, r-oldrel-macos-arm64, r-oldrel-macos-x86_64, r-oldrel-windows-ix86+x86_64

Version: 0.3.8
Check: whether package can be installed
Result: WARN
    Found the following significant warnings:
     init.c:20:1: warning: function declaration isn’t a prototype [-Wstrict-prototypes]
Flavors: r-devel-linux-x86_64-debian-gcc, r-devel-linux-x86_64-fedora-gcc

Version: 0.3.8
Check: package dependencies
Result: NOTE
    Package suggested but not available for checking: ‘RTCGA.rnaseq’
Flavors: r-release-macos-arm64, r-oldrel-macos-arm64, r-oldrel-macos-x86_64

Version: 0.3.8
Check: installed package size
Result: NOTE
     installed size is 9.9Mb
     sub-directories of 1Mb or more:
     libs 9.6Mb
Flavors: r-release-macos-arm64, r-release-macos-x86_64, r-oldrel-macos-arm64, r-oldrel-macos-x86_64

Version: 0.3.8
Check: package dependencies
Result: NOTE
    Packages suggested but not available for checking:
     'RWeka', 'FSelector', 'RTCGA.rnaseq'
Flavor: r-release-macos-x86_64

Version: 0.3.8
Check: Rd cross-references
Result: NOTE
    Package unavailable to check Rd xrefs: ‘FSelector’
Flavor: r-release-macos-x86_64