CRAN Package Check Results for Package FRESHD

Last updated on 2024-03-01 21:49:30 CET.

Flavor Version Tinstall Tcheck Ttotal Status Flags
r-devel-linux-x86_64-debian-clang 1.0 65.81 41.65 107.46 NOTE
r-devel-linux-x86_64-debian-gcc 1.0 50.16 33.43 83.59 NOTE
r-devel-linux-x86_64-fedora-clang 1.0 145.51 NOTE
r-devel-linux-x86_64-fedora-gcc 1.0 154.92 NOTE
r-devel-windows-x86_64 1.0 48.00 81.00 129.00 NOTE
r-patched-linux-x86_64 1.0 66.70 41.75 108.45 NOTE
r-release-linux-x86_64 1.0 67.36 42.60 109.96 NOTE
r-release-macos-arm64 1.0 46.00 NOTE
r-release-macos-x86_64 1.0 67.00 NOTE
r-release-windows-x86_64 1.0 61.00 88.00 149.00 NOTE
r-oldrel-macos-arm64 1.0 45.00 NOTE
r-oldrel-windows-x86_64 1.0 61.00 84.00 145.00 OK

Check Details

Version: 1.0
Check: C++ specification
Result: NOTE Specified C++11: please drop specification unless essential Flavors: r-devel-linux-x86_64-debian-clang, r-devel-linux-x86_64-debian-gcc, r-devel-linux-x86_64-fedora-clang, r-devel-linux-x86_64-fedora-gcc, r-devel-windows-x86_64, r-patched-linux-x86_64, r-release-linux-x86_64, r-release-macos-arm64, r-release-macos-x86_64, r-release-windows-x86_64

Version: 1.0
Check: Rd files
Result: NOTE checkRd: (-1) maximin.Rd:197: Lost braces 197 | Meinshausen, N and P. B{u}hlmann (2015). Maximin effects in inhomogeneous large-scale data. | ^ Flavors: r-devel-linux-x86_64-debian-clang, r-devel-linux-x86_64-debian-gcc, r-devel-linux-x86_64-fedora-clang, r-devel-linux-x86_64-fedora-gcc

Version: 1.0
Check: installed package size
Result: NOTE installed size is 8.4Mb sub-directories of 1Mb or more: libs 8.3Mb Flavors: r-release-macos-arm64, r-release-macos-x86_64, r-oldrel-macos-arm64