CRAN Package Check Results for Package FRAPO

Last updated on 2022-08-12 16:50:51 CEST.

Flavor Version Tinstall Tcheck Ttotal Status Flags
r-devel-linux-x86_64-debian-clang 0.4-1 13.33 85.93 99.26 NOTE
r-devel-linux-x86_64-debian-gcc 0.4-1 10.33 67.45 77.78 NOTE
r-devel-linux-x86_64-fedora-clang 0.4-1 136.39 NOTE
r-devel-linux-x86_64-fedora-gcc 0.4-1 135.67 NOTE
r-devel-windows-x86_64 0.4-1 36.00 117.00 153.00 NOTE
r-patched-linux-x86_64 0.4-1 15.75 85.53 101.28 OK
r-release-linux-x86_64 0.4-1 15.34 85.14 100.48 OK
r-release-macos-arm64 0.4-1 35.00 OK
r-release-macos-x86_64 0.4-1 48.00 OK
r-release-windows-x86_64 0.4-1 48.00 110.00 158.00 OK
r-oldrel-macos-arm64 0.4-1 43.00 OK
r-oldrel-macos-x86_64 0.4-1 74.00 OK
r-oldrel-windows-ix86+x86_64 0.4-1 29.00 111.00 140.00 OK

Check Details

Version: 0.4-1
Check: Rd files
Result: NOTE
    checkRd: (-1) MultiAsset.Rd:26: Escaped LaTeX specials: \&
Flavors: r-devel-linux-x86_64-debian-clang, r-devel-linux-x86_64-debian-gcc, r-devel-linux-x86_64-fedora-clang, r-devel-linux-x86_64-fedora-gcc, r-devel-windows-x86_64