CRAN Package Check Results for Package FOCI

Last updated on 2024-06-14 05:58:23 CEST.

Flavor Version Tinstall Tcheck Ttotal Status Flags
r-devel-linux-x86_64-debian-clang 0.1.3 2.02 69.61 71.63 NOTE
r-devel-linux-x86_64-debian-gcc 0.1.3 2.39 50.41 52.80 NOTE
r-devel-linux-x86_64-fedora-clang 0.1.3 87.15 NOTE
r-devel-linux-x86_64-fedora-gcc 0.1.3 88.29 NOTE
r-devel-windows-x86_64 0.1.3 3.00 69.00 72.00 NOTE
r-patched-linux-x86_64 0.1.3 3.02 65.63 68.65 NOTE
r-release-linux-x86_64 0.1.3 2.37 68.69 71.06 NOTE
r-release-macos-arm64 0.1.3 33.00 NOTE
r-release-macos-x86_64 0.1.3 53.00 NOTE
r-release-windows-x86_64 0.1.3 3.00 84.00 87.00 NOTE
r-oldrel-macos-arm64 0.1.3 37.00 NOTE
r-oldrel-macos-x86_64 0.1.3 61.00 NOTE
r-oldrel-windows-x86_64 0.1.3 3.00 74.00 77.00 NOTE

Check Details

Version: 0.1.3
Check: LazyData
Result: NOTE 'LazyData' is specified without a 'data' directory Flavors: r-devel-linux-x86_64-debian-clang, r-devel-linux-x86_64-debian-gcc, r-devel-linux-x86_64-fedora-clang, r-devel-linux-x86_64-fedora-gcc, r-devel-windows-x86_64, r-patched-linux-x86_64, r-release-linux-x86_64, r-release-macos-arm64, r-release-macos-x86_64, r-release-windows-x86_64, r-oldrel-macos-arm64, r-oldrel-macos-x86_64, r-oldrel-windows-x86_64

Version: 0.1.3
Check: package dependencies
Result: NOTE Package suggested but not available for checking: ‘testthat’ Flavor: r-devel-linux-x86_64-debian-gcc

Version: 0.1.3
Check: Rd cross-references
Result: NOTE Undeclared package ‘XICOR’ in Rd xrefs Flavor: r-devel-linux-x86_64-fedora-clang