CRAN Package Check Results for Package FOCI

Last updated on 2025-01-15 22:50:58 CET.

Flavor Version Tinstall Tcheck Ttotal Status Flags
r-devel-linux-x86_64-debian-clang 0.1.3 2.50 51.54 54.04 OK
r-devel-linux-x86_64-debian-gcc 0.1.3 1.74 39.74 41.48 OK
r-devel-linux-x86_64-fedora-clang 0.1.3 88.83 OK
r-devel-linux-x86_64-fedora-gcc 0.1.3 97.91 OK
r-devel-windows-x86_64 0.1.3 3.00 71.00 74.00 OK
r-patched-linux-x86_64 0.1.3 2.31 48.56 50.87 NOTE
r-release-linux-x86_64 0.1.3 1.88 48.79 50.67 NOTE
r-release-macos-arm64 0.1.3 33.00 NOTE
r-release-macos-x86_64 0.1.3 53.00 NOTE
r-release-windows-x86_64 0.1.3 3.00 67.00 70.00 NOTE
r-oldrel-macos-arm64 0.1.3 37.00 NOTE
r-oldrel-macos-x86_64 0.1.3 61.00 NOTE
r-oldrel-windows-x86_64 0.1.3 3.00 73.00 76.00 NOTE

Check Details

Version: 0.1.3
Check: LazyData
Result: NOTE 'LazyData' is specified without a 'data' directory Flavors: r-patched-linux-x86_64, r-release-linux-x86_64, r-release-macos-arm64, r-release-macos-x86_64, r-release-windows-x86_64, r-oldrel-macos-arm64, r-oldrel-macos-x86_64, r-oldrel-windows-x86_64