CRAN Package Check Results for Package FMradio

Last updated on 2019-09-20 17:47:19 CEST.

Flavor Version Tinstall Tcheck Ttotal Status Flags
r-devel-linux-x86_64-debian-clang 1.1 9.37 87.09 96.46 OK
r-devel-linux-x86_64-debian-gcc 1.1 8.09 65.73 73.82 OK
r-devel-linux-x86_64-fedora-clang 1.1 113.95 OK
r-devel-linux-x86_64-fedora-gcc 1.1 114.20 OK
r-devel-windows-ix86+x86_64 1.1 38.00 134.00 172.00 OK
r-patched-linux-x86_64 1.1 9.01 82.70 91.71 OK
r-patched-solaris-x86 1.1 167.20 OK
r-release-linux-x86_64 1.1 9.78 82.19 91.97 OK
r-release-windows-ix86+x86_64 1.1 22.00 137.00 159.00 OK
r-release-osx-x86_64 1.1 ERROR
r-oldrel-windows-ix86+x86_64 1.1 12.00 89.00 101.00 OK
r-oldrel-osx-x86_64 1.1 OK

Check Details

Version: 1.1
Check: package dependencies
Result: ERROR
    Package required but not available: ‘Biobase’
    
    See section ‘The DESCRIPTION file’ in the ‘Writing R Extensions’
    manual.
Flavor: r-release-osx-x86_64