CRAN Package Check Results for Package FKSUM

Last updated on 2021-12-04 10:52:31 CET.

Flavor Version Tinstall Tcheck Ttotal Status Flags
r-devel-linux-x86_64-debian-clang 0.1.4 45.38 86.10 131.48 NOTE
r-devel-linux-x86_64-debian-gcc 0.1.4 34.80 67.52 102.32 NOTE
r-devel-linux-x86_64-fedora-clang 0.1.4 179.82 NOTE
r-devel-linux-x86_64-fedora-gcc 0.1.4 161.49 NOTE
r-devel-windows-x86_64-new-UL 0.1.4 67.00 140.00 207.00 NOTE
r-devel-windows-x86_64-new-TK 0.1.4 NOTE
r-devel-windows-x86_64-old 0.1.4 67.00 93.00 160.00 NOTE
r-patched-linux-x86_64 0.1.4 40.00 76.30 116.30 NOTE
r-release-linux-x86_64 0.1.4 41.36 76.60 117.96 NOTE
r-release-macos-arm64 0.1.4 NOTE
r-release-macos-x86_64 0.1.4 NOTE
r-release-windows-ix86+x86_64 0.1.4 124.00 157.00 281.00 NOTE
r-oldrel-macos-x86_64 0.1.4 OK
r-oldrel-windows-ix86+x86_64 0.1.4 122.00 164.00 286.00 OK

Check Details

Version: 0.1.4
Check: LazyData
Result: NOTE
     'LazyData' is specified without a 'data' directory
Flavors: r-devel-linux-x86_64-debian-clang, r-devel-linux-x86_64-debian-gcc, r-devel-linux-x86_64-fedora-clang, r-devel-linux-x86_64-fedora-gcc, r-devel-windows-x86_64-new-UL, r-devel-windows-x86_64-new-TK, r-devel-windows-x86_64-old, r-patched-linux-x86_64, r-release-linux-x86_64, r-release-macos-arm64, r-release-macos-x86_64, r-release-windows-ix86+x86_64