CRAN Package Check Results for Package FIESTAutils

Last updated on 2022-08-15 16:54:28 CEST.

Flavor Version Tinstall Tcheck Ttotal Status Flags
r-devel-linux-x86_64-debian-clang 1.1.3 51.69 121.16 172.85 OK
r-devel-linux-x86_64-debian-gcc 1.1.3 45.04 89.09 134.13 OK
r-devel-linux-x86_64-fedora-clang 1.1.3 227.07 OK
r-devel-linux-x86_64-fedora-gcc 1.1.3 228.81 OK
r-devel-windows-x86_64 1.1.3 100.00 153.00 253.00 OK
r-patched-linux-x86_64 1.1.3 52.04 111.37 163.41 OK
r-release-linux-x86_64 1.1.3 48.10 112.90 161.00 OK
r-release-macos-arm64 1.1.3 61.00 NOTE
r-release-macos-x86_64 1.1.3 75.00 NOTE
r-release-windows-x86_64 1.1.3 148.00 149.00 297.00 OK
r-oldrel-macos-arm64 1.1.3 58.00 NOTE
r-oldrel-macos-x86_64 1.1.3 74.00 NOTE
r-oldrel-windows-ix86+x86_64 1.1.3 127.00 173.00 300.00 NOTE

Check Details

Version: 1.1.3
Check: installed package size
Result: NOTE
     installed size is 6.9Mb
     sub-directories of 1Mb or more:
     data 3.1Mb
     libs 3.2Mb
Flavors: r-release-macos-arm64, r-release-macos-x86_64, r-oldrel-macos-arm64, r-oldrel-macos-x86_64, r-oldrel-windows-ix86+x86_64