CRAN Package Check Results for Package FIESTA

Last updated on 2022-08-19 11:52:02 CEST.

Flavor Version Tinstall Tcheck Ttotal Status Flags
r-devel-linux-x86_64-debian-clang 3.4.2 47.34 490.99 538.33 OK
r-devel-linux-x86_64-debian-gcc 3.4.2 36.43 372.43 408.86 OK
r-devel-linux-x86_64-fedora-clang 3.4.2 627.47 NOTE
r-devel-linux-x86_64-fedora-gcc 3.4.2 630.94 OK
r-devel-windows-x86_64 3.4.2 81.00 459.00 540.00 NOTE
r-patched-linux-x86_64 3.4.2 55.79 434.41 490.20 OK
r-release-linux-x86_64 3.4.2 OK
r-release-macos-arm64 3.4.2 140.00 NOTE
r-release-macos-x86_64 3.4.2 184.00 NOTE
r-release-windows-x86_64 3.4.2 92.00 436.00 528.00 NOTE
r-oldrel-macos-arm64 3.4.2 145.00 NOTE
r-oldrel-macos-x86_64 3.4.2 190.00 NOTE
r-oldrel-windows-ix86+x86_64 3.4.2 78.00 456.00 534.00 NOTE

Check Details

Version: 3.4.2
Check: installed package size
Result: NOTE
     installed size is 9.9Mb
     sub-directories of 1Mb or more:
     R 4.3Mb
     doc 2.2Mb
     extdata 2.1Mb
Flavors: r-devel-linux-x86_64-fedora-clang, r-devel-windows-x86_64, r-release-macos-arm64, r-release-macos-x86_64, r-release-windows-x86_64, r-oldrel-macos-arm64, r-oldrel-macos-x86_64, r-oldrel-windows-ix86+x86_64