CRAN Package Check Results for Package FER

Last updated on 2022-05-22 17:50:41 CEST.

Flavor Version Tinstall Tcheck Ttotal Status Flags
r-devel-linux-x86_64-debian-clang 0.94 1.99 34.19 36.18 NOTE
r-devel-linux-x86_64-debian-gcc 0.94 1.91 26.40 28.31 NOTE
r-devel-linux-x86_64-fedora-clang 0.94 45.15 NOTE
r-devel-linux-x86_64-fedora-gcc 0.94 44.16 NOTE
r-devel-windows-x86_64 0.94 17.00 52.00 69.00 NOTE
r-patched-linux-x86_64 0.94 2.16 33.65 35.81 NOTE
r-release-linux-x86_64 0.94 2.22 32.60 34.82 NOTE
r-release-macos-arm64 0.94 15.00 NOTE
r-release-macos-x86_64 0.94 21.00 NOTE
r-release-windows-x86_64 0.94 12.00 52.00 64.00 NOTE
r-oldrel-macos-arm64 0.94 20.00 NOTE
r-oldrel-macos-x86_64 0.94 25.00 NOTE
r-oldrel-windows-ix86+x86_64 0.94 7.00 44.00 51.00 NOTE

Check Details

Version: 0.94
Check: LazyData
Result: NOTE
     'LazyData' is specified without a 'data' directory
Flavors: r-devel-linux-x86_64-debian-clang, r-devel-linux-x86_64-debian-gcc, r-devel-linux-x86_64-fedora-clang, r-devel-linux-x86_64-fedora-gcc, r-devel-windows-x86_64, r-patched-linux-x86_64, r-release-linux-x86_64, r-release-macos-arm64, r-release-macos-x86_64, r-release-windows-x86_64, r-oldrel-macos-arm64, r-oldrel-macos-x86_64, r-oldrel-windows-ix86+x86_64