CRAN Package Check Results for Package FBN

Last updated on 2019-04-22 16:54:04 CEST.

Flavor Version Tinstall Tcheck Ttotal Status Flags
r-devel-linux-x86_64-debian-clang 1.5.1 2.76 22.46 25.22 NOTE
r-devel-linux-x86_64-debian-gcc 1.5.1 2.06 17.82 19.88 NOTE
r-devel-linux-x86_64-fedora-clang 1.5.1 30.52 NOTE
r-devel-linux-x86_64-fedora-gcc 1.5.1 32.91 NOTE
r-devel-windows-ix86+x86_64 1.5.1 7.00 40.00 47.00 NOTE
r-patched-linux-x86_64 1.5.1 2.78 22.39 25.17 NOTE
r-patched-solaris-x86 1.5.1 45.60 NOTE
r-release-linux-x86_64 1.5.1 1.54 19.77 21.31 NOTE
r-release-windows-ix86+x86_64 1.5.1 3.00 27.00 30.00 NOTE
r-release-osx-x86_64 1.5.1 NOTE
r-oldrel-windows-ix86+x86_64 1.5.1 2.00 29.00 31.00 NOTE
r-oldrel-osx-x86_64 1.5.1 NOTE

Check Details

Version: 1.5.1
Check: R code for possible problems
Result: NOTE
    FBN.histogramMaxima: no visible global function definition for 'hist'
    FBN.kmeans: no visible global function definition for 'median'
    FBN.kmeans: no visible global function definition for 'kmeans'
    FBNormalization: no visible global function definition for 'read.table'
    FBNormalization: no visible global function definition for 'median'
    FBNormalization: no visible global function definition for 'hist'
    FBNormalization: no visible global function definition for 'par'
    FBNormalization: no visible global function definition for 'dev.print'
    FBNormalization: no visible binding for global variable 'bmp'
    FBNormalization: no visible global function definition for 'sd'
    FBNormalization: no visible global function definition for
     'write.table'
    medianFilter: no visible global function definition for 'median'
    Undefined global functions or variables:
     bmp dev.print hist kmeans median par read.table sd write.table
    Consider adding
     importFrom("grDevices", "bmp", "dev.print")
     importFrom("graphics", "hist", "par")
     importFrom("stats", "kmeans", "median", "sd")
     importFrom("utils", "read.table", "write.table")
    to your NAMESPACE file.
Flavors: r-devel-linux-x86_64-debian-clang, r-devel-linux-x86_64-debian-gcc, r-devel-linux-x86_64-fedora-clang, r-devel-linux-x86_64-fedora-gcc, r-devel-windows-ix86+x86_64, r-patched-linux-x86_64, r-patched-solaris-x86, r-release-linux-x86_64, r-release-windows-ix86+x86_64, r-release-osx-x86_64, r-oldrel-windows-ix86+x86_64, r-oldrel-osx-x86_64

Version: 1.5.1
Check: Rd line widths
Result: NOTE
    Rd file 'FBNormalization.Rd':
     \usage lines wider than 90 characters:
     normDataFileName = NULL, debugFlag = FALSE, plotFlag = FALSE, plotAndSaveFlag = FALSE)
    
    These lines will be truncated in the PDF manual.
Flavors: r-devel-linux-x86_64-debian-clang, r-devel-linux-x86_64-debian-gcc, r-devel-linux-x86_64-fedora-clang, r-devel-linux-x86_64-fedora-gcc, r-patched-linux-x86_64, r-release-linux-x86_64