CRAN Package Check Results for Package FBFsearch

Last updated on 2021-12-04 22:59:33 CET.

Flavor Version Tinstall Tcheck Ttotal Status Flags
r-devel-linux-x86_64-debian-clang 1.1 22.51 40.33 62.84 OK
r-devel-linux-x86_64-debian-gcc 1.1 19.67 32.57 52.24 OK
r-devel-linux-x86_64-fedora-clang 1.1 88.40 NOTE
r-devel-linux-x86_64-fedora-gcc 1.1 75.18 NOTE
r-devel-windows-x86_64-new-UL 1.1 44.00 97.00 141.00 OK
r-devel-windows-x86_64-new-TK 1.1 OK
r-devel-windows-x86_64-old 1.1 35.00 50.00 85.00 OK
r-patched-linux-x86_64 1.1 22.80 31.11 53.91 OK
r-release-linux-x86_64 1.1 21.11 30.63 51.74 OK
r-release-macos-arm64 1.1 NOTE
r-release-macos-x86_64 1.1 NOTE
r-release-windows-ix86+x86_64 1.1 69.00 79.00 148.00 NOTE
r-oldrel-macos-x86_64 1.1 NOTE
r-oldrel-windows-ix86+x86_64 1.1 67.00 80.00 147.00 NOTE

Additional issues

clang-UBSAN

Check Details

Version: 1.1
Check: installed package size
Result: NOTE
     installed size is 5.4Mb
     sub-directories of 1Mb or more:
     data 3.5Mb
     libs 1.8Mb
Flavors: r-devel-linux-x86_64-fedora-clang, r-release-macos-arm64, r-release-macos-x86_64, r-release-windows-ix86+x86_64, r-oldrel-macos-x86_64, r-oldrel-windows-ix86+x86_64

Version: 1.1
Check: compiled code
Result: NOTE
    File ‘FBFsearch/libs/FBFsearch.so’:
     Found no calls to: ‘R_registerRoutines’, ‘R_useDynamicSymbols’
    
    It is good practice to register native routines and to disable symbol
    search.
    
    See ‘Writing portable packages’ in the ‘Writing R Extensions’ manual.
Flavors: r-devel-linux-x86_64-fedora-clang, r-devel-linux-x86_64-fedora-gcc