CRAN Package Check Results for Package FAMoS

Last updated on 2019-06-24 12:46:58 CEST.

Flavor Version Tinstall Tcheck Ttotal Status Flags
r-devel-linux-x86_64-debian-clang 0.2.0 2.74 32.34 35.08 OK
r-devel-linux-x86_64-debian-gcc 0.2.0 2.90 25.78 28.68 OK
r-devel-linux-x86_64-fedora-clang 0.2.0 43.26 OK
r-devel-linux-x86_64-fedora-gcc 0.2.0 42.69 OK
r-devel-windows-ix86+x86_64 0.2.0 9.00 61.00 70.00 OK
r-patched-linux-x86_64 0.2.0 3.60 32.63 36.23 OK
r-patched-solaris-x86 0.2.0 61.90 OK
r-release-linux-x86_64 0.2.0 3.19 32.79 35.98 OK
r-release-windows-ix86+x86_64 0.2.0 6.00 51.00 57.00 OK
r-release-osx-x86_64 0.2.0 OK
r-oldrel-windows-ix86+x86_64 0.1.0 5.00 52.00 57.00 OK
r-oldrel-osx-x86_64 0.2.0 ERROR

Check Details

Version: 0.2.0
Check: whether package can be installed
Result: ERROR
    Installation failed.
Flavor: r-oldrel-osx-x86_64