Last updated on 2022-05-19 06:58:16 CEST.
Flavor | Version | Tinstall | Tcheck | Ttotal | Status | Flags |
---|---|---|---|---|---|---|
r-devel-linux-x86_64-debian-clang | 0.3.0 | 4.40 | 47.30 | 51.70 | OK | |
r-devel-linux-x86_64-debian-gcc | 0.3.0 | 3.21 | 35.86 | 39.07 | OK | |
r-devel-linux-x86_64-fedora-clang | 0.3.0 | 62.73 | OK | |||
r-devel-linux-x86_64-fedora-gcc | 0.3.0 | 59.32 | OK | |||
r-devel-windows-x86_64 | 0.3.0 | 28.00 | 71.00 | 99.00 | OK | |
r-patched-linux-x86_64 | 0.3.0 | 7.98 | 45.43 | 53.41 | OK | |
r-release-linux-x86_64 | 0.3.0 | 4.04 | 46.78 | 50.82 | OK | |
r-release-macos-arm64 | 0.3.0 | 24.00 | OK | |||
r-release-macos-x86_64 | 0.3.0 | 29.00 | OK | |||
r-release-windows-x86_64 | 0.3.0 | 60.00 | 66.00 | 126.00 | OK | |
r-oldrel-macos-arm64 | 0.3.0 | 27.00 | OK | |||
r-oldrel-macos-x86_64 | 0.3.0 | 35.00 | OK | |||
r-oldrel-windows-ix86+x86_64 | 0.3.0 | 9.00 | 55.00 | 64.00 | WARN |
Version: 0.3.0
Check: re-building of vignette outputs
Result: WARN
Error(s) in re-building vignettes:
--- re-building 'FAMoS-EvaluationFunctions.Rmd' using rmarkdown
Error: processing vignette 'FAMoS-EvaluationFunctions.Rmd' failed with diagnostics:
only `math_method = 'mathjax'` is supported with earlier version than Pandoc 2.0
--- failed re-building 'FAMoS-EvaluationFunctions.Rmd'
--- re-building 'FAMoS-Examples.Rmd' using rmarkdown
Error: processing vignette 'FAMoS-Examples.Rmd' failed with diagnostics:
only `math_method = 'mathjax'` is supported with earlier version than Pandoc 2.0
--- failed re-building 'FAMoS-Examples.Rmd'
SUMMARY: processing the following files failed:
'FAMoS-EvaluationFunctions.Rmd' 'FAMoS-Examples.Rmd'
Error: Vignette re-building failed.
Execution halted
Flavor: r-oldrel-windows-ix86+x86_64