Last updated on 2023-03-26 13:50:20 CEST.
Flavor | Version | Tinstall | Tcheck | Ttotal | Status | Flags |
---|---|---|---|---|---|---|
r-devel-linux-x86_64-debian-clang | 0.0.4 | 10.99 | 113.70 | 124.69 | NOTE | |
r-devel-linux-x86_64-debian-gcc | 0.0.4 | 12.13 | 87.52 | 99.65 | NOTE | |
r-devel-linux-x86_64-fedora-gcc | 0.0.4 | 157.33 | NOTE | |||
r-devel-windows-x86_64 | 0.0.4 | 46.00 | 150.00 | 196.00 | NOTE | |
r-patched-linux-x86_64 | 0.0.4 | 16.51 | 110.42 | 126.93 | NOTE | |
r-release-linux-x86_64 | 0.0.4 | 16.60 | 113.60 | 130.20 | OK | |
r-release-macos-arm64 | 0.0.4 | 60.00 | OK | |||
r-release-macos-x86_64 | 0.0.4 | 84.00 | OK | |||
r-release-windows-x86_64 | 0.0.4 | 44.00 | 154.00 | 198.00 | OK | |
r-oldrel-macos-arm64 | 0.0.4 | 69.00 | OK | |||
r-oldrel-macos-x86_64 | 0.0.4 | 104.00 | OK | |||
r-oldrel-windows-ix86+x86_64 | 0.0.4 | 31.00 | 131.00 | 162.00 | OK |
Version: 0.0.4
Check: Rd files
Result: NOTE
checkRd: (-1) sp500.Rd:5: Escaped LaTeX specials: \&
Flavors: r-devel-linux-x86_64-debian-clang, r-devel-linux-x86_64-debian-gcc, r-devel-linux-x86_64-fedora-gcc, r-devel-windows-x86_64, r-patched-linux-x86_64