CRAN Package Check Results for Package ExpDes.pt

Last updated on 2022-11-26 22:03:52 CET.

Flavor Version Tinstall Tcheck Ttotal Status Flags
r-devel-linux-x86_64-debian-clang 1.2.2 25.24 120.28 145.52 NOTE
r-devel-linux-x86_64-debian-gcc 1.2.2 17.15 87.63 104.78 NOTE
r-devel-linux-x86_64-fedora-clang 1.2.2 186.56 NOTE
r-devel-linux-x86_64-fedora-gcc 1.2.2 181.73 NOTE
r-devel-windows-x86_64 1.2.2 67.00 143.00 210.00 NOTE
r-patched-linux-x86_64 1.2.2 OK
r-release-linux-x86_64 1.2.2 19.69 114.77 134.46 OK
r-release-macos-arm64 1.2.2 39.00 OK
r-release-macos-x86_64 1.2.2 56.00 OK
r-release-windows-x86_64 1.2.2 31.00 130.00 161.00 OK
r-oldrel-macos-arm64 1.2.2 53.00 OK
r-oldrel-macos-x86_64 1.2.2 56.00 OK
r-oldrel-windows-ix86+x86_64 1.2.2 38.00 135.00 173.00 OK

Check Details

Version: 1.2.2
Check: Rd files
Result: NOTE
    checkRd: (-1) ccF.Rd:5: Escaped LaTeX specials: \&
    checkRd: (-1) ccF.Rd:32: Escaped LaTeX specials: \&
    checkRd: (-1) ccF.Rd:29: Escaped LaTeX specials: \&
Flavors: r-devel-linux-x86_64-debian-clang, r-devel-linux-x86_64-debian-gcc, r-devel-linux-x86_64-fedora-clang, r-devel-linux-x86_64-fedora-gcc, r-devel-windows-x86_64