CRAN Package Check Results for Package ExpDE

Last updated on 2022-11-26 23:00:04 CET.

Flavor Version Tinstall Tcheck Ttotal Status Flags
r-devel-linux-x86_64-debian-clang 0.1.4 3.69 34.51 38.20 NOTE
r-devel-linux-x86_64-debian-gcc 0.1.4 2.35 25.82 28.17 NOTE
r-devel-linux-x86_64-fedora-clang 0.1.4 58.28 NOTE
r-devel-linux-x86_64-fedora-gcc 0.1.4 55.98 NOTE
r-devel-windows-x86_64 0.1.4 21.00 70.00 91.00 OK
r-patched-linux-x86_64 0.1.4 NOTE
r-release-linux-x86_64 0.1.4 2.74 32.48 35.22 NOTE
r-release-macos-arm64 0.1.4 18.00 OK
r-release-macos-x86_64 0.1.4 23.00 OK
r-release-windows-x86_64 0.1.4 23.00 69.00 92.00 OK
r-oldrel-macos-arm64 0.1.4 23.00 OK
r-oldrel-macos-x86_64 0.1.4 33.00 OK
r-oldrel-windows-ix86+x86_64 0.1.4 7.00 59.00 66.00 OK

Check Details

Version: 0.1.4
Check: package dependencies
Result: NOTE
    Package suggested but not available for checking: 'cec2013'
Flavors: r-devel-linux-x86_64-debian-clang, r-devel-linux-x86_64-debian-gcc, r-devel-linux-x86_64-fedora-clang, r-devel-linux-x86_64-fedora-gcc, r-patched-linux-x86_64, r-release-linux-x86_64