CRAN Package Check Results for Package ExomeDepth

Last updated on 2019-04-23 18:51:55 CEST.

Flavor Version Tinstall Tcheck Ttotal Status Flags
r-devel-linux-x86_64-debian-clang 1.1.10 34.21 254.97 289.18 NOTE
r-devel-linux-x86_64-debian-gcc 1.1.10 30.10 205.31 235.41 NOTE
r-devel-linux-x86_64-fedora-clang 1.1.10 355.49 NOTE
r-devel-linux-x86_64-fedora-gcc 1.1.10 389.23 NOTE
r-devel-windows-ix86+x86_64 1.1.10 106.00 403.00 509.00 NOTE
r-patched-linux-x86_64 1.1.10 34.24 255.16 289.40 NOTE
r-patched-solaris-x86 1.1.10 564.60 NOTE
r-release-linux-x86_64 1.1.10 25.14 236.64 261.78 NOTE
r-release-windows-ix86+x86_64 1.1.10 56.00 400.00 456.00 NOTE
r-release-osx-x86_64 1.1.10 ERROR
r-oldrel-windows-ix86+x86_64 1.1.10 75.00 305.00 380.00 NOTE
r-oldrel-osx-x86_64 1.1.10 NOTE

Check Details

Version: 1.1.10
Check: R code for possible problems
Result: NOTE
    countBamInGRanges.exomeDepth: no visible global function definition for
     'as'
    Undefined global functions or variables:
     as
    Consider adding
     importFrom("methods", "as")
    to your NAMESPACE file (and ensure that your DESCRIPTION Imports field
    contains 'methods').
Flavors: r-devel-linux-x86_64-debian-clang, r-devel-linux-x86_64-debian-gcc, r-devel-linux-x86_64-fedora-clang, r-devel-linux-x86_64-fedora-gcc, r-devel-windows-ix86+x86_64, r-patched-linux-x86_64, r-patched-solaris-x86, r-release-linux-x86_64, r-release-windows-ix86+x86_64, r-oldrel-windows-ix86+x86_64, r-oldrel-osx-x86_64

Version: 1.1.10
Check: compiled code
Result: NOTE
    File ‘ExomeDepth/libs/ExomeDepth.so’:
     Found no calls to: ‘R_registerRoutines’, ‘R_useDynamicSymbols’
    
    It is good practice to register native routines and to disable symbol
    search.
    
    See ‘Writing portable packages’ in the ‘Writing R Extensions’ manual.
Flavors: r-devel-linux-x86_64-fedora-clang, r-devel-linux-x86_64-fedora-gcc

Version: 1.1.10
Check: package dependencies
Result: ERROR
    Packages required but not available: ‘Rsamtools’ ‘GenomicAlignments’
    
    See section ‘The DESCRIPTION file’ in the ‘Writing R Extensions’
    manual.
Flavor: r-release-osx-x86_64