CRAN Package Check Results for Package ExhaustiveSearch

Last updated on 2021-12-03 03:55:30 CET.

Flavor Version Tinstall Tcheck Ttotal Status Flags
r-devel-linux-x86_64-debian-clang 1.0.1 54.78 26.37 81.15 OK
r-devel-linux-x86_64-debian-gcc 1.0.1 37.63 21.12 58.75 OK
r-devel-linux-x86_64-fedora-clang 1.0.1 136.39 OK
r-devel-linux-x86_64-fedora-gcc 1.0.1 112.89 OK
r-devel-windows-x86_64-new-UL 1.0.1 78.00 88.00 166.00 OK
r-devel-windows-x86_64-new-TK 1.0.1 OK
r-devel-windows-x86_64-old 1.0.1 77.00 41.00 118.00 OK
r-patched-linux-x86_64 1.0.1 44.75 25.16 69.91 OK
r-patched-solaris-x86 1.0.1 118.70 ERROR
r-release-linux-x86_64 1.0.1 52.05 25.25 77.30 OK
r-release-macos-arm64 1.0.1 OK
r-release-macos-x86_64 1.0.1 OK
r-release-windows-ix86+x86_64 1.0.1 151.00 69.00 220.00 OK
r-oldrel-macos-x86_64 1.0.1 OK
r-oldrel-windows-ix86+x86_64 1.0.1 148.00 72.00 220.00 OK

Check Details

Version: 1.0.1
Check: examples
Result: ERROR
    Running examples in ‘ExhaustiveSearch-Ex.R’ failed
    The error most likely occurred in:
    
    > ### Name: getFeatures
    > ### Title: Extract the feature sets from an ExhaustiveSearch object
    > ### Aliases: getFeatures
    >
    > ### ** Examples
    >
    > ## Exhaustive search on the mtcars data
    > data(mtcars)
    > ES <- ExhaustiveSearch(mpg ~ ., data = mtcars, family = "gaussian")
    
    Starting the exhaustive evaluation.
    
     Runtime | Completed | Status
    ------------------------------------------
    
     *** caught segfault ***
    address 9dec1912, cause 'memory not mapped'
Flavor: r-patched-solaris-x86