CRAN Package Check Results for Package ExcelFunctionsR

Last updated on 2024-06-13 09:55:02 CEST.

Flavor Version Tinstall Tcheck Ttotal Status Flags
r-devel-linux-x86_64-debian-clang 0.1.4 9.99 65.23 75.22 OK
r-devel-linux-x86_64-debian-gcc 0.1.4 0.46 1.68 2.14 ERROR
r-devel-linux-x86_64-fedora-clang 0.1.4 94.66 OK
r-devel-linux-x86_64-fedora-gcc 0.1.4 88.36 OK
r-devel-windows-x86_64 0.1.4 8.00 72.00 80.00 OK
r-patched-linux-x86_64 0.1.4 9.77 62.40 72.17 OK
r-release-linux-x86_64 0.1.4 6.68 61.50 68.18 OK
r-release-macos-arm64 0.1.4 29.00 OK
r-release-macos-x86_64 0.1.4 44.00 OK
r-release-windows-x86_64 0.1.4 9.00 50.00 59.00 FAIL
r-oldrel-macos-arm64 0.1.4 29.00 OK
r-oldrel-macos-x86_64 0.1.4 45.00 OK
r-oldrel-windows-x86_64 0.1.4 11.00 87.00 98.00 OK

Check Details

Version: 0.1.4
Check: package dependencies
Result: ERROR Packages required but not available: 'stringr', 'tidyr', 'lubridate' Package suggested but not available for checking: ‘testthat’ See section ‘The DESCRIPTION file’ in the ‘Writing R Extensions’ manual. Flavor: r-devel-linux-x86_64-debian-gcc

Version: 0.1.4
Check: whether the namespace can be loaded with stated dependencies
Result: WARN Fatal error: couldn't allocate node stack A namespace must be able to be loaded with just the base namespace loaded: otherwise if the namespace gets loaded by a saved object, the session will be unable to start. Probably some imports need to be declared in the NAMESPACE file. Flavor: r-release-windows-x86_64

Version: 0.1.4
Check: whether the namespace can be unloaded cleanly
Result: WARN
Flavor: r-release-windows-x86_64

Version: 0.1.4
Check: loading without being on the library search path
Result: FAIL
Flavor: r-release-windows-x86_64