CRAN Package Check Results for Package ExceedanceTools

Last updated on 2022-01-20 04:52:52 CET.

Flavor Version Tinstall Tcheck Ttotal Status Flags
r-devel-linux-x86_64-debian-clang 1.2.2 NOTE
r-devel-linux-x86_64-debian-gcc 1.2.2 6.75 64.80 71.55 NOTE
r-devel-linux-x86_64-fedora-clang 1.2.2 110.00 NOTE
r-devel-linux-x86_64-fedora-gcc 1.2.2 98.96 NOTE
r-devel-windows-x86_64-new-UL 1.2.2 61.00 102.00 163.00 NOTE
r-devel-windows-x86_64-new-TK 1.2.2 NOTE
r-patched-linux-x86_64 1.2.2 6.39 79.76 86.15 NOTE
r-release-linux-x86_64 1.2.2 NOTE
r-release-macos-arm64 1.2.2 NOTE
r-release-macos-x86_64 1.2.2 NOTE
r-release-windows-ix86+x86_64 1.2.2 17.00 92.00 109.00 NOTE
r-oldrel-macos-x86_64 1.2.2 NOTE
r-oldrel-windows-ix86+x86_64 1.2.2 18.00 94.00 112.00 NOTE

Check Details

Version: 1.2.2
Check: R code for possible problems
Result: NOTE
    plot.pgrid: no visible global function definition for 'image'
    statistic.cv: no visible global function definition for 'quantile'
    statistic.sim: no visible global function definition for 'contourLines'
    Undefined global functions or variables:
     contourLines image quantile
    Consider adding
     importFrom("grDevices", "contourLines")
     importFrom("graphics", "image")
     importFrom("stats", "quantile")
    to your NAMESPACE file.
Flavors: r-devel-linux-x86_64-debian-clang, r-devel-linux-x86_64-debian-gcc, r-devel-linux-x86_64-fedora-clang, r-devel-linux-x86_64-fedora-gcc, r-devel-windows-x86_64-new-UL, r-devel-windows-x86_64-new-TK, r-patched-linux-x86_64, r-release-linux-x86_64, r-release-macos-arm64, r-release-macos-x86_64, r-release-windows-ix86+x86_64, r-oldrel-macos-x86_64, r-oldrel-windows-ix86+x86_64