CRAN Package Check Results for Package ExPanDaR

Last updated on 2021-12-03 09:53:52 CET.

Flavor Version Tinstall Tcheck Ttotal Status Flags
r-devel-linux-x86_64-debian-clang 0.5.3 9.96 125.57 135.53 OK
r-devel-linux-x86_64-debian-gcc 0.5.3 7.19 68.61 75.80 ERROR
r-devel-linux-x86_64-fedora-clang 0.5.3 161.10 ERROR
r-devel-linux-x86_64-fedora-gcc 0.5.3 116.19 ERROR
r-devel-windows-x86_64-new-UL 0.5.3 23.00 189.00 212.00 OK
r-devel-windows-x86_64-new-TK 0.5.3 OK
r-devel-windows-x86_64-old 0.5.3 16.00 122.00 138.00 OK
r-patched-linux-x86_64 0.5.3 7.12 116.87 123.99 OK
r-patched-solaris-x86 0.5.3 161.60 OK
r-release-linux-x86_64 0.5.3 9.42 117.35 126.77 OK
r-release-macos-arm64 0.5.3 OK
r-release-macos-x86_64 0.5.3 OK
r-release-windows-ix86+x86_64 0.5.3 22.00 161.00 183.00 OK
r-oldrel-macos-x86_64 0.5.3 OK
r-oldrel-windows-ix86+x86_64 0.5.3 22.00 153.00 175.00 OK

Check Details

Version: 0.5.3
Check: examples
Result: ERROR
    Running examples in ‘ExPanDaR-Ex.R’ failed
    The error most likely occurred in:
    
    > base::assign(".ptime", proc.time(), pos = "CheckExEnv")
    > ### Name: prepare_by_group_violin_graph
    > ### Title: Prepares a by Group Violin Graph
    > ### Aliases: prepare_by_group_violin_graph
    >
    > ### ** Examples
    >
    > data(russell_3000)
    > df <- treat_outliers(russell_3000)
    > prepare_by_group_violin_graph(df, "sector", "nioa")
    Error in prepare_by_group_violin_graph(df, "sector", "nioa") :
     df needs to be a dataframe
    Execution halted
Flavor: r-devel-linux-x86_64-debian-gcc

Version: 0.5.3
Check: re-building of vignette outputs
Result: WARN
    Error(s) in re-building vignettes:
     ...
    --- re-building ‘ExPanD_notebook.Rmd’ using rmarkdown
    --- finished re-building ‘ExPanD_notebook.Rmd’
    
    --- re-building ‘ExPanDaR-functions.Rmd’ using rmarkdown
    Quitting from lines 104-108 (ExPanDaR-functions.Rmd)
    Error: processing vignette ‘ExPanDaR-functions.Rmd’ failed with diagnostics:
    df needs to be a dataframe
    --- failed re-building ‘ExPanDaR-functions.Rmd’
    
    --- re-building ‘customize_ExPanD.Rmd’ using rmarkdown
    --- finished re-building ‘customize_ExPanD.Rmd’
    
    --- re-building ‘use_ExPanD.Rmd’ using rmarkdown
    --- finished re-building ‘use_ExPanD.Rmd’
    
    SUMMARY: processing the following file failed:
     ‘ExPanDaR-functions.Rmd’
    
    Error: Vignette re-building failed.
    Execution halted
Flavor: r-devel-linux-x86_64-debian-gcc

Version: 0.5.3
Check: examples
Result: ERROR
    Running examples in ‘ExPanDaR-Ex.R’ failed
    The error most likely occurred in:
    
    > ### Name: prepare_regression_table
    > ### Title: Prepares a Regression Table
    > ### Aliases: prepare_regression_table
    >
    > ### ** Examples
    >
    > df <- data.frame(year = as.factor(floor(stats::time(datasets::EuStockMarkets))),
    + datasets::EuStockMarkets)
    > dvs = c("DAX", "SMI", "CAC", "FTSE")
    > idvs = list(c("SMI", "CAC", "FTSE"),
    + c("DAX", "CAC", "FTSE"),
    + c("SMI", "DAX", "FTSE"),
    + c("SMI", "CAC", "DAX"))
    > feffects = list("year", "year", "year", "year")
    > clusters = list("year", "year", "year", "year")
    > t <- prepare_regression_table(df, dvs, idvs, feffects, clusters, format = "text")
    Error in as.data.frame.default(t(objects[[i]])) :
     cannot coerce class ‘c("plm", "panelmodel")’ to a data.frame
    Calls: prepare_regression_table ... .stargazer.wrap -> as.data.frame -> as.data.frame.default
    Execution halted
Flavor: r-devel-linux-x86_64-fedora-clang

Version: 0.5.3
Check: re-building of vignette outputs
Result: WARN
    Error(s) in re-building vignettes:
    --- re-building ‘ExPanD_notebook.Rmd’ using rmarkdown
    --- finished re-building ‘ExPanD_notebook.Rmd’
    
    --- re-building ‘ExPanDaR-functions.Rmd’ using rmarkdown
    Quitting from lines 176-188 (ExPanDaR-functions.Rmd)
    Error: processing vignette 'ExPanDaR-functions.Rmd' failed with diagnostics:
    cannot coerce class 'c("plm", "panelmodel")' to a data.frame
    --- failed re-building ‘ExPanDaR-functions.Rmd’
    
    --- re-building ‘customize_ExPanD.Rmd’ using rmarkdown
    --- finished re-building ‘customize_ExPanD.Rmd’
    
    --- re-building ‘use_ExPanD.Rmd’ using rmarkdown
    --- finished re-building ‘use_ExPanD.Rmd’
    
    SUMMARY: processing the following file failed:
     ‘ExPanDaR-functions.Rmd’
    
    Error: Vignette re-building failed.
    Execution halted
Flavor: r-devel-linux-x86_64-fedora-clang

Version: 0.5.3
Check: examples
Result: ERROR
    Running examples in ‘ExPanDaR-Ex.R’ failed
    The error most likely occurred in:
    
    > ### Name: prepare_by_group_violin_graph
    > ### Title: Prepares a by Group Violin Graph
    > ### Aliases: prepare_by_group_violin_graph
    >
    > ### ** Examples
    >
    > data(russell_3000)
    > df <- treat_outliers(russell_3000)
    > prepare_by_group_violin_graph(df, "sector", "nioa")
    Error in prepare_by_group_violin_graph(df, "sector", "nioa") :
     df needs to be a dataframe
    Execution halted
Flavor: r-devel-linux-x86_64-fedora-gcc

Version: 0.5.3
Check: re-building of vignette outputs
Result: WARN
    Error(s) in re-building vignettes:
    --- re-building ‘ExPanD_notebook.Rmd’ using rmarkdown
    --- finished re-building ‘ExPanD_notebook.Rmd’
    
    --- re-building ‘ExPanDaR-functions.Rmd’ using rmarkdown
    Quitting from lines 104-108 (ExPanDaR-functions.Rmd)
    Error: processing vignette 'ExPanDaR-functions.Rmd' failed with diagnostics:
    df needs to be a dataframe
    --- failed re-building ‘ExPanDaR-functions.Rmd’
    
    --- re-building ‘customize_ExPanD.Rmd’ using rmarkdown
    --- finished re-building ‘customize_ExPanD.Rmd’
    
    --- re-building ‘use_ExPanD.Rmd’ using rmarkdown
    --- finished re-building ‘use_ExPanD.Rmd’
    
    SUMMARY: processing the following file failed:
     ‘ExPanDaR-functions.Rmd’
    
    Error: Vignette re-building failed.
    Execution halted
Flavor: r-devel-linux-x86_64-fedora-gcc