Last updated on 2023-03-30 14:53:53 CEST.
Flavor | Version | Tinstall | Tcheck | Ttotal | Status | Flags |
---|---|---|---|---|---|---|
r-devel-linux-x86_64-debian-clang | 0.3.2 | 13.09 | 305.01 | 318.10 | OK | |
r-devel-linux-x86_64-debian-gcc | 0.3.2 | 10.05 | 220.80 | 230.85 | OK | |
r-devel-linux-x86_64-fedora-clang | 0.3.2 | 397.46 | NOTE | |||
r-devel-linux-x86_64-fedora-gcc | 0.3.2 | 381.45 | OK | |||
r-devel-windows-x86_64 | 0.3.2 | 48.00 | 357.00 | 405.00 | NOTE | |
r-patched-linux-x86_64 | 0.3.2 | 17.47 | 288.65 | 306.12 | OK | |
r-release-linux-x86_64 | 0.3.2 | 8.26 | 291.88 | 300.14 | OK | |
r-release-macos-arm64 | 0.3.2 | 146.00 | NOTE | |||
r-release-macos-x86_64 | 0.3.2 | 164.00 | NOTE | |||
r-release-windows-x86_64 | 0.3.2 | 43.00 | 378.00 | 421.00 | NOTE | |
r-oldrel-macos-arm64 | 0.3.2 | 9.00 | ERROR | |||
r-oldrel-macos-x86_64 | 0.3.2 | 12.00 | ERROR | |||
r-oldrel-windows-ix86+x86_64 | 0.3.2 | 30.00 | 339.00 | 369.00 | NOTE |
Version: 0.3.2
Check: installed package size
Result: NOTE
installed size is 6.8Mb
sub-directories of 1Mb or more:
data 2.5Mb
doc 1.6Mb
extdata 2.4Mb
Flavors: r-devel-linux-x86_64-fedora-clang, r-devel-windows-x86_64, r-release-macos-arm64, r-release-macos-x86_64, r-release-windows-x86_64, r-oldrel-windows-ix86+x86_64
Version: 0.3.2
Check: package dependencies
Result: ERROR
Package required and available but unsuitable version: ‘ggtree’
See section ‘The DESCRIPTION file’ in the ‘Writing R Extensions’
manual.
Flavors: r-oldrel-macos-arm64, r-oldrel-macos-x86_64
Version: 0.3.2
Check: dependencies in R code
Result: NOTE
Initiating curl with CURL_SSL_BACKEND: openssl
Flavor: r-oldrel-windows-ix86+x86_64