CRAN Package Check Results for Package Evapotranspiration

Last updated on 2019-08-24 08:49:49 CEST.

Flavor Version Tinstall Tcheck Ttotal Status Flags
r-devel-linux-x86_64-debian-clang 1.14 12.76 60.80 73.56 NOTE
r-devel-linux-x86_64-debian-gcc 1.14 9.64 47.05 56.69 NOTE
r-devel-linux-x86_64-fedora-clang 1.14 89.85 NOTE
r-devel-linux-x86_64-fedora-gcc 1.14 86.28 NOTE
r-devel-windows-ix86+x86_64 1.14 17.00 70.00 87.00 OK
r-patched-linux-x86_64 1.14 12.07 61.47 73.54 OK
r-patched-solaris-x86 1.14 117.10 OK
r-release-linux-x86_64 1.14 12.96 61.15 74.11 OK
r-release-windows-ix86+x86_64 1.14 23.00 102.00 125.00 OK
r-release-osx-x86_64 1.14 OK
r-oldrel-windows-ix86+x86_64 1.14 19.00 93.00 112.00 OK
r-oldrel-osx-x86_64 1.14 OK

Check Details

Version: 1.14
Check: for non-standard things in the check directory
Result: NOTE
    Found the following files/directories:
     'ET_Abtew.csv' 'ET_BlaneyCriddle.csv' 'ET_BrutsaertStrickler.csv'
     'ET_ChapmanAustralian.csv' 'ET_GrangerGray.csv' 'ET_Hamon.csv'
     'ET_HargreavesSamani.csv' 'ET_JensenHaise.csv' 'ET_Linacre.csv'
     'ET_Makkink.csv' 'ET_MattShuttleworth.csv' 'ET_McGuinnessBordne.csv'
     'ET_MortonCRAE.csv' 'ET_MortonCRWE.csv' 'ET_PenPan.csv'
     'ET_Penman.csv' 'ET_PenmanMonteith.csv' 'ET_PriestleyTaylor.csv'
     'ET_Romanenko.csv' 'ET_SzilagyiJozsa.csv' 'ET_Turc.csv'
Flavors: r-devel-linux-x86_64-debian-clang, r-devel-linux-x86_64-debian-gcc, r-devel-linux-x86_64-fedora-clang, r-devel-linux-x86_64-fedora-gcc