CRAN Package Check Results for Package EstHer

Last updated on 2021-12-04 22:59:33 CET.

Flavor Version Tinstall Tcheck Ttotal Status Flags
r-devel-linux-x86_64-debian-clang 1.0 32.59 83.13 115.72 OK
r-devel-linux-x86_64-debian-gcc 1.0 22.29 64.78 87.07 OK
r-devel-linux-x86_64-fedora-clang 1.0 154.53 NOTE
r-devel-linux-x86_64-fedora-gcc 1.0 138.45 NOTE
r-devel-windows-x86_64-new-UL 1.0 47.00 138.00 185.00 OK
r-devel-windows-x86_64-new-TK 1.0 OK
r-devel-windows-x86_64-old 1.0 45.00 81.00 126.00 OK
r-patched-linux-x86_64 1.0 29.18 72.02 101.20 OK
r-release-linux-x86_64 1.0 29.17 72.31 101.48 OK
r-release-macos-arm64 1.0 OK
r-release-macos-x86_64 1.0 OK
r-release-windows-ix86+x86_64 1.0 81.00 144.00 225.00 OK
r-oldrel-macos-x86_64 1.0 OK
r-oldrel-windows-ix86+x86_64 1.0 82.00 146.00 228.00 OK

Check Details

Version: 1.0
Check: compiled code
Result: NOTE
    File ‘EstHer/libs/EstHer.so’:
     Found no calls to: ‘R_registerRoutines’, ‘R_useDynamicSymbols’
    
    It is good practice to register native routines and to disable symbol
    search.
    
    See ‘Writing portable packages’ in the ‘Writing R Extensions’ manual.
Flavors: r-devel-linux-x86_64-fedora-clang, r-devel-linux-x86_64-fedora-gcc