Last updated on 2022-05-22 08:54:31 CEST.
Flavor | Version | Tinstall | Tcheck | Ttotal | Status | Flags |
---|---|---|---|---|---|---|
r-devel-linux-x86_64-debian-clang | 1.3.2 | 972.08 | 1047.87 | 2019.95 | NOTE | |
r-devel-linux-x86_64-debian-gcc | 1.3.2 | 916.91 | 738.00 | 1654.91 | NOTE | |
r-devel-linux-x86_64-fedora-clang | 1.3.2 | 2562.64 | NOTE | |||
r-devel-linux-x86_64-fedora-gcc | 1.3.2 | 2712.18 | NOTE | |||
r-devel-windows-x86_64 | 1.3.2 | 704.00 | 1183.00 | 1887.00 | NOTE | |
r-patched-linux-x86_64 | 1.3.2 | 732.17 | 977.84 | 1710.01 | NOTE | |
r-release-linux-x86_64 | 1.3.2 | 680.95 | 1008.26 | 1689.21 | NOTE | |
r-release-macos-arm64 | 1.3.2 | 409.00 | NOTE | |||
r-release-macos-x86_64 | 1.3.2 | 1086.00 | NOTE | |||
r-release-windows-x86_64 | 1.3.2 | 675.00 | 1134.00 | 1809.00 | NOTE | |
r-oldrel-macos-arm64 | 1.3.2 | 434.00 | NOTE | |||
r-oldrel-macos-x86_64 | 1.3.2 | 654.00 | NOTE | |||
r-oldrel-windows-ix86+x86_64 | 1.3.2 | 1822.00 | 10.00 | 1832.00 | ERROR |
Version: 1.3.2
Check: package dependencies
Result: NOTE
Package suggested but not available for checking: 'EpiSoon'
Flavors: r-devel-linux-x86_64-debian-clang, r-devel-linux-x86_64-debian-gcc, r-devel-linux-x86_64-fedora-clang, r-devel-linux-x86_64-fedora-gcc, r-devel-windows-x86_64, r-patched-linux-x86_64, r-release-linux-x86_64, r-release-macos-arm64, r-release-macos-x86_64, r-release-windows-x86_64, r-oldrel-macos-arm64, r-oldrel-macos-x86_64, r-oldrel-windows-ix86+x86_64
Version: 1.3.2
Check: installed package size
Result: NOTE
installed size is 99.1Mb
sub-directories of 1Mb or more:
libs 97.3Mb
Flavors: r-devel-linux-x86_64-fedora-clang, r-devel-windows-x86_64, r-release-macos-arm64, r-release-macos-x86_64, r-release-windows-x86_64, r-oldrel-macos-arm64, r-oldrel-macos-x86_64
Version: 1.3.2
Check: whether package can be installed
Result: ERROR
Installation failed.
Flavor: r-oldrel-windows-ix86+x86_64