CRAN Package Check Results for Package EpiForsk

Last updated on 2024-02-26 14:56:03 CET.

Flavor Version Tinstall Tcheck Ttotal Status Flags
r-devel-linux-x86_64-debian-clang 0.0.1 4.68 50.53 55.21 NOTE
r-devel-linux-x86_64-debian-gcc 0.0.1 2.95 36.79 39.74 ERROR
r-devel-linux-x86_64-fedora-clang 0.0.1 65.67 ERROR
r-devel-linux-x86_64-fedora-gcc 0.0.1 80.85 ERROR
r-devel-windows-x86_64 0.0.1 5.00 59.00 64.00 OK
r-patched-linux-x86_64 0.0.1 10.00 48.59 58.59 OK
r-release-linux-x86_64 0.0.1 3.35 49.12 52.47 OK
r-release-macos-arm64 0.0.1 33.00 OK
r-release-macos-x86_64 0.0.1 49.00 OK
r-release-windows-x86_64 0.0.1 7.00 66.00 73.00 OK
r-oldrel-macos-arm64 0.0.1 31.00 OK
r-oldrel-windows-x86_64 0.0.1 6.00 71.00 77.00 OK

Check Details

Version: 0.0.1
Check: Rd files
Result: NOTE checkRd: (-1) EpiForsk-package.Rd:19: Lost braces in \itemize; meant \describe ? checkRd: (-1) EpiForsk-package.Rd:20: Lost braces in \itemize; meant \describe ? checkRd: (-1) EpiForsk-package.Rd:21: Lost braces in \itemize; meant \describe ? checkRd: (-1) EpiForsk-package.Rd:22: Lost braces in \itemize; meant \describe ? checkRd: (-1) EpiForsk-package.Rd:23: Lost braces in \itemize; meant \describe ? checkRd: (-1) charlson_score.Rd:65-68: Lost braces in \itemize; meant \describe ? checkRd: (-1) charlson_score.Rd:69-73: Lost braces in \itemize; meant \describe ? checkRd: (-1) charlson_score.Rd:74-77: Lost braces in \itemize; meant \describe ? Flavors: r-devel-linux-x86_64-debian-clang, r-devel-linux-x86_64-debian-gcc, r-devel-linux-x86_64-fedora-clang, r-devel-linux-x86_64-fedora-gcc

Version: 0.0.1
Check: re-building of vignette outputs
Result: ERROR Error(s) in re-building vignettes: ... --- re-building ‘Contributing.Rmd’ using rmarkdown --- finished re-building ‘Contributing.Rmd’ --- re-building ‘Writing_functions.Rmd’ using rmarkdown --- finished re-building ‘Writing_functions.Rmd’ --- re-building ‘andh_forest_plot.Rmd’ using rmarkdown Quitting from lines 245-248 [unnamed-chunk-9] (andh_forest_plot.Rmd) Error: processing vignette 'andh_forest_plot.Rmd' failed with diagnostics: conversion failure on ' β-lactamase resistant penicillin' in 'mbcsToSbcs': for β (U+03B2) --- failed re-building ‘andh_forest_plot.Rmd’ SUMMARY: processing the following file failed: ‘andh_forest_plot.Rmd’ Error: Vignette re-building failed. Execution halted Flavor: r-devel-linux-x86_64-debian-gcc

Version: 0.0.1
Check: re-building of vignette outputs
Result: ERROR Error(s) in re-building vignettes: --- re-building ‘Contributing.Rmd’ using rmarkdown --- finished re-building ‘Contributing.Rmd’ --- re-building ‘Writing_functions.Rmd’ using rmarkdown --- finished re-building ‘Writing_functions.Rmd’ --- re-building ‘andh_forest_plot.Rmd’ using rmarkdown Quitting from lines 245-248 [unnamed-chunk-9] (andh_forest_plot.Rmd) Error: processing vignette 'andh_forest_plot.Rmd' failed with diagnostics: conversion failure on ' β-lactamase resistant penicillin' in 'mbcsToSbcs': for β (U+03B2) --- failed re-building ‘andh_forest_plot.Rmd’ SUMMARY: processing the following file failed: ‘andh_forest_plot.Rmd’ Error: Vignette re-building failed. Execution halted Flavors: r-devel-linux-x86_64-fedora-clang, r-devel-linux-x86_64-fedora-gcc