CRAN Package Check Results for Package Epi

Last updated on 2019-04-19 16:51:26 CEST.

Flavor Version Tinstall Tcheck Ttotal Status Flags
r-devel-linux-x86_64-debian-clang 2.35 21.71 447.41 469.12 OK
r-devel-linux-x86_64-debian-gcc 2.35 17.48 327.99 345.47 OK
r-devel-linux-x86_64-fedora-clang 2.35 539.01 OK
r-devel-linux-x86_64-fedora-gcc 2.35 523.78 OK
r-devel-windows-ix86+x86_64 2.35 47.00 572.00 619.00 OK
r-patched-linux-x86_64 2.35 18.86 435.40 454.26 OK
r-patched-solaris-x86 2.35 910.40 OK
r-release-linux-x86_64 2.35 17.11 410.46 427.57 OK
r-release-windows-ix86+x86_64 2.35 29.00 626.00 655.00 OK
r-release-osx-x86_64 2.35 OK
r-oldrel-windows-ix86+x86_64 2.32 35.00 566.00 601.00 OK
r-oldrel-osx-x86_64 2.35 ERROR

Check Details

Version: 2.35
Check: whether package can be installed
Result: ERROR
    Installation failed.
Flavor: r-oldrel-osx-x86_64