Last updated on 2019-02-16 07:48:33 CET.
Flavor | Version | Tinstall | Tcheck | Ttotal | Status | Flags |
---|---|---|---|---|---|---|
r-devel-linux-x86_64-debian-clang | 2.34 | 16.63 | 409.03 | 425.66 | OK | |
r-devel-linux-x86_64-debian-gcc | 2.34 | 14.82 | 301.59 | 316.41 | OK | |
r-devel-linux-x86_64-fedora-clang | 2.34 | 515.83 | OK | |||
r-devel-linux-x86_64-fedora-gcc | 2.34 | 315.70 | OK | |||
r-devel-windows-ix86+x86_64 | 2.34 | 65.00 | 746.00 | 811.00 | OK | |
r-patched-linux-x86_64 | 2.34 | 13.43 | 379.06 | 392.49 | OK | |
r-patched-solaris-x86 | 2.34 | 611.50 | OK | |||
r-release-linux-x86_64 | 2.34 | 17.10 | 376.57 | 393.67 | OK | |
r-release-windows-ix86+x86_64 | 2.34 | 28.00 | 575.00 | 603.00 | OK | |
r-release-osx-x86_64 | 2.34 | OK | ||||
r-oldrel-windows-ix86+x86_64 | 2.32 | 35.00 | 566.00 | 601.00 | OK | |
r-oldrel-osx-x86_64 | 2.34 | ERROR |
Version: 2.34
Check: whether package can be installed
Result: ERROR
Installation failed.
Flavor: r-oldrel-osx-x86_64