CRAN Package Check Results for Package EntropyExplorer

Last updated on 2019-02-20 02:48:56 CET.

Flavor Version Tinstall Tcheck Ttotal Status Flags
r-devel-linux-x86_64-debian-clang 1.1 1.99 33.47 35.46 NOTE
r-devel-linux-x86_64-debian-gcc 1.1 1.81 24.63 26.44 NOTE
r-devel-linux-x86_64-fedora-clang 1.1 40.59 NOTE
r-devel-linux-x86_64-fedora-gcc 1.1 37.82 NOTE
r-devel-windows-ix86+x86_64 1.1 5.00 35.00 40.00 NOTE
r-patched-linux-x86_64 1.1 NOTE
r-patched-solaris-x86 1.1 55.20 NOTE
r-release-linux-x86_64 1.1 1.79 30.65 32.44 NOTE
r-release-windows-ix86+x86_64 1.1 3.00 38.00 41.00 NOTE
r-release-osx-x86_64 1.1 NOTE
r-oldrel-windows-ix86+x86_64 1.1 2.00 40.00 42.00 NOTE
r-oldrel-osx-x86_64 1.1 NOTE

Check Details

Version: 1.1
Check: R code for possible problems
Result: NOTE
    diffcv: no visible global function definition for ‘sd’
    diffcvall: no visible global function definition for ‘sd’
    diffcvall: no visible global function definition for ‘fligner.test’
    diffcvall: no visible global function definition for ‘p.adjust’
    diffcvpFK: no visible global function definition for ‘fligner.test’
    diffcvpFK: no visible global function definition for ‘p.adjust’
    diffexp: no visible global function definition for ‘var’
    diffexp: no visible global function definition for ‘t.test’
    diffexp: no visible global function definition for ‘p.adjust’
    diffexp2: no visible global function definition for ‘var’
    diffexp2: no visible global function definition for ‘t.test’
    diffexp2: no visible global function definition for ‘p.adjust’
    diffnsepperm: no visible global function definition for ‘p.adjust’
    diffseall: no visible global function definition for ‘p.adjust’
    Undefined global functions or variables:
     fligner.test p.adjust sd t.test var
    Consider adding
     importFrom("stats", "fligner.test", "p.adjust", "sd", "t.test", "var")
    to your NAMESPACE file.
Flavors: r-devel-linux-x86_64-debian-clang, r-devel-linux-x86_64-debian-gcc, r-devel-linux-x86_64-fedora-clang, r-devel-linux-x86_64-fedora-gcc, r-devel-windows-ix86+x86_64, r-patched-linux-x86_64, r-patched-solaris-x86, r-release-linux-x86_64, r-release-windows-ix86+x86_64, r-release-osx-x86_64, r-oldrel-windows-ix86+x86_64, r-oldrel-osx-x86_64